Last updated on 2024-04-24 01:52:20 CEST.
Flavor | Version | Tinstall | Tcheck | Ttotal | Status | Flags |
---|---|---|---|---|---|---|
r-devel-linux-x86_64-debian-clang | 1.1.0 | 7.12 | 164.07 | 171.19 | NOTE | |
r-devel-linux-x86_64-debian-gcc | 1.1.0 | 6.24 | 120.61 | 126.85 | NOTE | |
r-devel-linux-x86_64-fedora-clang | 1.1.0 | 215.10 | NOTE | |||
r-devel-linux-x86_64-fedora-gcc | 1.1.0 | 203.01 | NOTE | |||
r-prerel-macos-arm64 | 1.1.0 | 66.00 | NOTE | |||
r-prerel-windows-x86_64 | 1.1.0 | 10.00 | 125.00 | 135.00 | NOTE | |
r-patched-linux-x86_64 | 1.1.0 | 7.43 | 161.79 | 169.22 | NOTE | |
r-release-linux-x86_64 | 1.1.0 | 5.22 | 154.35 | 159.57 | NOTE | |
r-release-macos-arm64 | 1.1.0 | 68.00 | NOTE | |||
r-release-macos-x86_64 | 1.1.0 | 87.00 | NOTE | |||
r-release-windows-x86_64 | 1.1.0 | 13.00 | 151.00 | 164.00 | NOTE | |
r-oldrel-macos-arm64 | 1.1.0 | 56.00 | NOTE | |||
r-oldrel-windows-x86_64 | 1.1.0 | 12.00 | 157.00 | 169.00 | NOTE |
Version: 1.1.0
Check: LazyData
Result: NOTE
'LazyData' is specified without a 'data' directory
Flavors: r-devel-linux-x86_64-debian-clang, r-devel-linux-x86_64-debian-gcc, r-devel-linux-x86_64-fedora-clang, r-devel-linux-x86_64-fedora-gcc, r-prerel-macos-arm64, r-prerel-windows-x86_64, r-patched-linux-x86_64, r-release-linux-x86_64, r-release-macos-arm64, r-release-macos-x86_64, r-release-windows-x86_64, r-oldrel-macos-arm64, r-oldrel-windows-x86_64
Version: 1.1.0
Check: installed package size
Result: NOTE
installed size is 12.1Mb
sub-directories of 1Mb or more:
doc 12.0Mb
Flavors: r-devel-linux-x86_64-fedora-clang, r-prerel-macos-arm64, r-prerel-windows-x86_64, r-release-macos-arm64, r-release-macos-x86_64, r-release-windows-x86_64, r-oldrel-macos-arm64, r-oldrel-windows-x86_64