Last updated on 2024-08-16 01:48:26 CEST.
Flavor | Version | Tinstall | Tcheck | Ttotal | Status | Flags |
---|---|---|---|---|---|---|
r-devel-linux-x86_64-debian-clang | 0.1.0 | 21.06 | 53.83 | 74.89 | NOTE | |
r-devel-linux-x86_64-debian-gcc | 0.1.0 | 15.47 | 39.93 | 55.40 | NOTE | |
r-devel-linux-x86_64-fedora-clang | 0.1.0 | 128.98 | NOTE | |||
r-devel-linux-x86_64-fedora-gcc | 0.1.0 | 124.08 | NOTE | |||
r-devel-windows-x86_64 | 0.1.0 | 25.00 | 81.00 | 106.00 | NOTE | |
r-patched-linux-x86_64 | 0.1.0 | 22.69 | 51.06 | 73.75 | NOTE | |
r-release-linux-x86_64 | 0.1.0 | 21.02 | 51.32 | 72.34 | NOTE | |
r-release-macos-arm64 | 0.1.0 | 36.00 | NOTE | |||
r-release-macos-x86_64 | 0.1.0 | 59.00 | NOTE | |||
r-release-windows-x86_64 | 0.1.0 | 25.00 | 81.00 | 106.00 | NOTE | |
r-oldrel-macos-arm64 | 0.1.0 | 42.00 | NOTE | |||
r-oldrel-macos-x86_64 | 0.1.0 | 68.00 | NOTE | |||
r-oldrel-windows-x86_64 | 0.1.0 | 31.00 | 100.00 | 131.00 | NOTE |
Version: 0.1.0
Check: C++ specification
Result: NOTE
Specified C++11: please drop specification unless essential
Flavors: r-devel-linux-x86_64-debian-clang, r-devel-linux-x86_64-debian-gcc, r-devel-linux-x86_64-fedora-clang, r-devel-linux-x86_64-fedora-gcc, r-devel-windows-x86_64, r-patched-linux-x86_64, r-release-linux-x86_64, r-release-macos-arm64, r-release-macos-x86_64, r-release-windows-x86_64, r-oldrel-macos-arm64, r-oldrel-macos-x86_64, r-oldrel-windows-x86_64