Last updated on 2025-04-30 01:50:31 CEST.
Flavor | Version | Tinstall | Tcheck | Ttotal | Status | Flags |
---|---|---|---|---|---|---|
r-devel-linux-x86_64-debian-clang | 0.2-7 | 8.79 | 89.66 | 98.45 | NOTE | |
r-devel-linux-x86_64-debian-gcc | 0.2-7 | 6.30 | 64.58 | 70.88 | NOTE | |
r-devel-linux-x86_64-fedora-clang | 0.2-7 | 143.87 | OK | |||
r-devel-linux-x86_64-fedora-gcc | 0.2-7 | 150.40 | OK | |||
r-devel-windows-x86_64 | 0.2-7 | 12.00 | 112.00 | 124.00 | OK | |
r-patched-linux-x86_64 | 0.2-7 | 9.28 | 84.90 | 94.18 | OK | |
r-release-linux-x86_64 | 0.2-7 | 9.12 | 83.93 | 93.05 | OK | |
r-release-macos-arm64 | 0.2-7 | 50.00 | OK | |||
r-release-macos-x86_64 | 0.2-7 | 94.00 | OK | |||
r-release-windows-x86_64 | 0.2-7 | 11.00 | 111.00 | 122.00 | OK | |
r-oldrel-macos-arm64 | 0.2-7 | 49.00 | OK | |||
r-oldrel-macos-x86_64 | 0.2-7 | 76.00 | OK | |||
r-oldrel-windows-x86_64 | 0.2-7 | 13.00 | 133.00 | 146.00 | OK |
Version: 0.2-7
Check: CRAN incoming feasibility
Result: NOTE
Maintainer: ‘Tammo Krueger <tammokrueger@googlemail.com>’
No Authors@R field in DESCRIPTION.
Please add one, modifying
Authors@R: c(person(given = "Tammo",
family = "Krueger",
role = c("aut", "cre"),
email = "tammokrueger@googlemail.com"),
person(given = "Nicole",
family = "Kraemer",
role = "aut"))
as necessary.
Flavors: r-devel-linux-x86_64-debian-clang, r-devel-linux-x86_64-debian-gcc