CRAN Package Check Results for Package PVplr

Last updated on 2022-01-18 01:52:09 CET.

Flavor Version Tinstall Tcheck Ttotal Status Flags
r-devel-linux-x86_64-debian-clang 0.1.0 8.06 302.36 310.42 OK
r-devel-linux-x86_64-debian-gcc 0.1.0 6.09 216.95 223.04 OK
r-devel-linux-x86_64-fedora-clang 0.1.0 359.07 NOTE
r-devel-linux-x86_64-fedora-gcc 0.1.0 352.40 NOTE
r-devel-windows-x86_64-new-UL 0.1.0 35.00 361.00 396.00 OK
r-devel-windows-x86_64-new-TK 0.1.0 NOTE
r-patched-linux-x86_64 0.1.0 6.99 294.28 301.27 OK
r-release-linux-x86_64 0.1.0 OK
r-release-macos-arm64 0.1.0 NOTE
r-release-macos-x86_64 0.1.0 NOTE
r-release-windows-ix86+x86_64 0.1.0 18.00 421.00 439.00 OK
r-oldrel-macos-x86_64 0.1.0 NOTE
r-oldrel-windows-ix86+x86_64 0.1.0 18.00 434.00 452.00 OK

Check Details

Version: 0.1.0
Check: dependencies in R code
Result: NOTE
    Namespace in Imports field not imported from: ‘ggplot2’
     All declared Imports should be used.
Flavors: r-devel-linux-x86_64-fedora-clang, r-devel-linux-x86_64-fedora-gcc, r-devel-windows-x86_64-new-TK, r-release-macos-arm64, r-release-macos-x86_64, r-oldrel-macos-x86_64