CRAN Package Check Results for Package PWFSLSmoke

Last updated on 2022-01-20 01:50:45 CET.

Flavor Version Tinstall Tcheck Ttotal Status Flags
r-devel-linux-x86_64-debian-clang 1.2.117 OK
r-devel-linux-x86_64-debian-gcc 1.2.117 18.04 146.58 164.62 OK
r-devel-linux-x86_64-fedora-clang 1.2.117 247.57 NOTE
r-devel-linux-x86_64-fedora-gcc 1.2.117 234.63 OK
r-devel-windows-x86_64-new-UL 1.2.117 415.00 328.00 743.00 OK
r-devel-windows-x86_64-new-TK 1.2.117 OK
r-patched-linux-x86_64 1.2.117 20.55 189.18 209.73 OK
r-release-linux-x86_64 1.2.117 OK
r-release-macos-arm64 1.2.117 OK
r-release-macos-x86_64 1.2.117 OK
r-release-windows-ix86+x86_64 1.2.117 52.00 330.00 382.00 OK
r-oldrel-macos-x86_64 1.2.117 OK
r-oldrel-windows-ix86+x86_64 1.2.117 53.00 312.00 365.00 OK

Check Details

Version: 1.2.117
Check: package dependencies
Result: NOTE
    Imports includes 30 non-default packages.
    Importing from so many packages makes the package vulnerable to any of
    them becoming unavailable. Move as many as possible to Suggests and
    use conditionally.
Flavor: r-devel-linux-x86_64-fedora-clang