Last updated on 2024-05-04 01:48:54 CEST.
Flavor | Version | Tinstall | Tcheck | Ttotal | Status | Flags |
---|---|---|---|---|---|---|
r-devel-linux-x86_64-debian-clang | 0.0.3 | 14.74 | 119.66 | 134.40 | OK | |
r-devel-linux-x86_64-fedora-clang | 0.0.3 | 177.52 | NOTE | |||
r-devel-linux-x86_64-fedora-gcc | 0.0.3 | 156.74 | NOTE | |||
r-devel-windows-x86_64 | 0.0.3 | 13.00 | 98.00 | 111.00 | OK | |
r-patched-linux-x86_64 | 0.0.3 | 15.92 | 112.06 | 127.98 | OK | |
r-release-linux-x86_64 | 0.0.3 | 9.93 | 112.78 | 122.71 | OK | |
r-release-macos-arm64 | 0.0.3 | 51.00 | OK | |||
r-release-windows-x86_64 | 0.0.3 | 13.00 | 97.00 | 110.00 | OK | |
r-oldrel-macos-arm64 | 0.0.3 | 75.00 | OK | |||
r-oldrel-macos-x86_64 | 0.0.3 | 113.00 | OK | |||
r-oldrel-windows-x86_64 | 0.0.3 | 18.00 | 121.00 | 139.00 | OK |
Version: 0.0.3
Check: dependencies in R code
Result: NOTE
Namespace in Imports field not imported from: ‘progressr’
All declared Imports should be used.
Flavors: r-devel-linux-x86_64-fedora-clang, r-devel-linux-x86_64-fedora-gcc