Last updated on 2025-11-15 02:53:09 CET.
| Flavor | Version | Tinstall | Tcheck | Ttotal | Status | Flags |
|---|---|---|---|---|---|---|
| r-devel-linux-x86_64-debian-clang | 0.1.1 | 28.49 | 28.00 | 56.49 | NOTE | |
| r-devel-linux-x86_64-debian-gcc | 0.1.1 | 21.97 | 22.99 | 44.96 | NOTE | |
| r-devel-linux-x86_64-fedora-clang | 0.1.1 | 62.00 | 27.26 | 89.26 | NOTE | |
| r-devel-linux-x86_64-fedora-gcc | 0.1.1 | 61.00 | 26.47 | 87.47 | NOTE | |
| r-devel-windows-x86_64 | 0.1.1 | 29.00 | 50.00 | 79.00 | NOTE | |
| r-patched-linux-x86_64 | 0.1.1 | 29.21 | 26.30 | 55.51 | NOTE | |
| r-release-linux-x86_64 | 0.1.1 | 28.70 | 26.33 | 55.03 | NOTE | |
| r-release-macos-arm64 | 0.1.1 | 18.00 | 18.00 | 36.00 | NOTE | |
| r-release-macos-x86_64 | 0.1.1 | 30.00 | 28.00 | 58.00 | NOTE | |
| r-release-windows-x86_64 | 0.1.1 | 27.00 | 49.00 | 76.00 | NOTE | |
| r-oldrel-macos-arm64 | 0.1.1 | 20.00 | 18.00 | 38.00 | NOTE | |
| r-oldrel-macos-x86_64 | 0.1.1 | 21.00 | 24.00 | 45.00 | NOTE | |
| r-oldrel-windows-x86_64 | 0.1.1 | 27.00 | 55.00 | 82.00 | NOTE |
Version: 0.1.1
Check: Rd files
Result: NOTE
checkRd: (-1) MICS2014HL.Rd:109: Lost braces in \enumerate; meant \describe ?
checkRd: (-1) MICS2014HL.Rd:110: Lost braces in \enumerate; meant \describe ?
Flavors: r-devel-linux-x86_64-debian-clang, r-devel-linux-x86_64-debian-gcc, r-devel-linux-x86_64-fedora-clang, r-devel-linux-x86_64-fedora-gcc, r-devel-windows-x86_64, r-patched-linux-x86_64, r-release-linux-x86_64, r-release-macos-arm64, r-release-macos-x86_64, r-release-windows-x86_64, r-oldrel-macos-arm64, r-oldrel-macos-x86_64, r-oldrel-windows-x86_64
Version: 0.1.1
Check: dependencies in R code
Result: NOTE
Namespace in Imports field not imported from: ‘stats’
All declared Imports should be used.
Flavors: r-devel-linux-x86_64-fedora-clang, r-devel-linux-x86_64-fedora-gcc