CRAN Package Check Results for Package PanCanVarSel

Last updated on 2020-01-22 11:50:22 CET.

Flavor Version Tinstall Tcheck Ttotal Status Flags
r-devel-linux-x86_64-debian-clang 0.0.3 3.63 50.30 53.93 OK
r-devel-linux-x86_64-debian-gcc 0.0.3 2.65 39.09 41.74 OK
r-devel-linux-x86_64-fedora-clang 0.0.3 65.66 NOTE
r-devel-linux-x86_64-fedora-gcc 0.0.3 63.16 NOTE
r-devel-windows-ix86+x86_64 0.0.3 8.00 58.00 66.00 OK
r-devel-windows-ix86+x86_64-gcc8 0.0.3 12.00 81.00 93.00 OK
r-patched-linux-x86_64 0.0.3 3.10 45.28 48.38 OK
r-patched-solaris-x86 0.0.3 91.90 NOTE
r-release-linux-x86_64 0.0.3 3.00 45.75 48.75 OK
r-release-windows-ix86+x86_64 0.0.3 5.00 76.00 81.00 OK
r-release-osx-x86_64 0.0.3 NOTE
r-oldrel-windows-ix86+x86_64 0.0.3 3.00 67.00 70.00 OK
r-oldrel-osx-x86_64 0.0.3 NOTE

Check Details

Version: 0.0.3
Check: dependencies in R code
Result: NOTE
    Namespace in Imports field not imported from: ‘smoothmest’
     All declared Imports should be used.
Flavors: r-devel-linux-x86_64-fedora-clang, r-devel-linux-x86_64-fedora-gcc, r-patched-solaris-x86, r-release-osx-x86_64, r-oldrel-osx-x86_64