Last updated on 2025-04-30 01:50:30 CEST.
Flavor | Version | Tinstall | Tcheck | Ttotal | Status | Flags |
---|---|---|---|---|---|---|
r-devel-linux-x86_64-debian-clang | 0.0.3 | 2.59 | 43.50 | 46.09 | NOTE | |
r-devel-linux-x86_64-debian-gcc | 0.0.3 | 2.19 | 32.61 | 34.80 | NOTE | |
r-devel-linux-x86_64-fedora-clang | 0.0.3 | 71.46 | NOTE | |||
r-devel-linux-x86_64-fedora-gcc | 0.0.3 | 73.57 | NOTE | |||
r-devel-windows-x86_64 | 0.0.3 | 4.00 | 65.00 | 69.00 | OK | |
r-patched-linux-x86_64 | 0.0.3 | 3.05 | 42.97 | 46.02 | OK | |
r-release-linux-x86_64 | 0.0.3 | 3.00 | 43.00 | 46.00 | OK | |
r-release-macos-arm64 | 0.0.3 | 30.00 | OK | |||
r-release-macos-x86_64 | 0.0.3 | 55.00 | OK | |||
r-release-windows-x86_64 | 0.0.3 | 5.00 | 64.00 | 69.00 | OK | |
r-oldrel-macos-arm64 | 0.0.3 | 26.00 | NOTE | |||
r-oldrel-macos-x86_64 | 0.0.3 | 38.00 | NOTE | |||
r-oldrel-windows-x86_64 | 0.0.3 | 4.00 | 74.00 | 78.00 | NOTE |
Version: 0.0.3
Check: examples
Result: NOTE
Examples with CPU (user + system) or elapsed time > 5s
user system elapsed
hsaftallcorr 5.057 0.218 6.417
hsaftcovariatecorr 4.938 0.093 6.022
hsaftgroupcorr 4.972 0.036 6.072
Flavor: r-devel-linux-x86_64-debian-clang
Version: 0.0.3
Check: examples
Result: NOTE
Examples with CPU (user + system) or elapsed time > 5s
user system elapsed
hsaftcovariatecorr 4.006 0.000 5.755
hsaftgroupcorr 3.870 0.043 5.573
hsaftallcorr 3.825 0.004 5.215
Flavor: r-devel-linux-x86_64-debian-gcc
Version: 0.0.3
Check: dependencies in R code
Result: NOTE
Namespace in Imports field not imported from: ‘smoothmest’
All declared Imports should be used.
Flavors: r-devel-linux-x86_64-fedora-clang, r-devel-linux-x86_64-fedora-gcc
Version: 0.0.3
Check: LazyData
Result: NOTE
'LazyData' is specified without a 'data' directory
Flavors: r-oldrel-macos-arm64, r-oldrel-macos-x86_64, r-oldrel-windows-x86_64