Last updated on 2022-05-21 02:50:51 CEST.
Flavor | Version | Tinstall | Tcheck | Ttotal | Status | Flags |
---|---|---|---|---|---|---|
r-devel-linux-x86_64-debian-clang | 1.2.4 | 9.40 | 173.73 | 183.13 | NOTE | |
r-devel-linux-x86_64-debian-gcc | 1.2.4 | 7.17 | 136.57 | 143.74 | NOTE | |
r-devel-linux-x86_64-fedora-clang | 1.2.4 | 200.36 | NOTE | |||
r-devel-linux-x86_64-fedora-gcc | 1.2.4 | 197.81 | NOTE | |||
r-devel-windows-x86_64 | 1.2.4 | 60.00 | 193.00 | 253.00 | NOTE | |
r-patched-linux-x86_64 | 1.2.4 | 6.92 | 160.21 | 167.13 | NOTE | |
r-release-linux-x86_64 | 1.2.4 | 8.17 | 164.51 | 172.68 | NOTE | |
r-release-macos-arm64 | 1.2.4 | 58.00 | NOTE | |||
r-release-macos-x86_64 | 1.2.4 | 97.00 | NOTE | |||
r-release-windows-x86_64 | 1.2.4 | 66.00 | 188.00 | 254.00 | NOTE | |
r-oldrel-macos-arm64 | 1.2.4 | 77.00 | NOTE | |||
r-oldrel-macos-x86_64 | 1.2.4 | 119.00 | NOTE | |||
r-oldrel-windows-ix86+x86_64 | 1.2.4 | 21.00 | 184.00 | 205.00 | NOTE |
Version: 1.2.4
Check: LazyData
Result: NOTE
'LazyData' is specified without a 'data' directory
Flavors: r-devel-linux-x86_64-debian-clang, r-devel-linux-x86_64-debian-gcc, r-devel-linux-x86_64-fedora-clang, r-devel-linux-x86_64-fedora-gcc, r-devel-windows-x86_64, r-patched-linux-x86_64, r-release-linux-x86_64, r-release-macos-arm64, r-release-macos-x86_64, r-release-windows-x86_64, r-oldrel-macos-arm64, r-oldrel-macos-x86_64, r-oldrel-windows-ix86+x86_64