Last updated on 2025-05-18 01:50:36 CEST.
Flavor | Version | Tinstall | Tcheck | Ttotal | Status | Flags |
---|---|---|---|---|---|---|
r-devel-linux-x86_64-debian-clang | 1.5 | 48.37 | 355.65 | 404.02 | OK | |
r-devel-linux-x86_64-debian-gcc | 1.5 | 38.93 | 276.27 | 315.20 | OK | |
r-devel-linux-x86_64-fedora-clang | 1.5 | 696.62 | OK | |||
r-devel-linux-x86_64-fedora-gcc | 1.5 | 708.00 | OK | |||
r-devel-windows-x86_64 | 1.5 | 35.00 | 293.00 | 328.00 | OK | |
r-patched-linux-x86_64 | 1.5 | 44.16 | 339.81 | 383.97 | OK | |
r-release-linux-x86_64 | 1.5 | 42.71 | 342.85 | 385.56 | OK | |
r-release-macos-arm64 | 1.5 | 5.00 | ERROR | |||
r-release-macos-x86_64 | 1.5 | 416.00 | OK | |||
r-release-windows-x86_64 | 1.5 | 33.00 | 291.00 | 324.00 | OK | |
r-oldrel-macos-arm64 | 1.5 | 322.00 | OK | |||
r-oldrel-macos-x86_64 | 1.5 | 290.00 | OK | |||
r-oldrel-windows-x86_64 | 1.5 | 47.00 | 364.00 | 411.00 | OK |
Version: 1.5
Check: package dependencies
Result: ERROR
Package required but not available: ‘jetset’
See section ‘The DESCRIPTION file’ in the ‘Writing R Extensions’
manual.
Flavor: r-release-macos-arm64