CRAN Package Check Results for Package Patterns

Last updated on 2025-04-17 01:51:27 CEST.

Flavor Version Tinstall Tcheck Ttotal Status Flags
r-devel-linux-x86_64-debian-clang 1.5 45.50 353.54 399.04 OK
r-devel-linux-x86_64-debian-gcc 1.5 38.05 268.79 306.84 OK
r-devel-linux-x86_64-fedora-clang 1.5 672.53 OK
r-devel-linux-x86_64-fedora-gcc 1.5 714.08 OK
r-devel-windows-x86_64 1.5 34.00 296.00 330.00 OK
r-patched-linux-x86_64 1.5 45.47 344.14 389.61 OK
r-release-linux-x86_64 1.5 45.25 341.48 386.73 OK
r-release-macos-arm64 1.5 5.00 ERROR
r-release-macos-x86_64 1.5 416.00 OK
r-release-windows-x86_64 1.5 34.00 308.00 342.00 OK
r-oldrel-macos-arm64 1.5 322.00 OK
r-oldrel-macos-x86_64 1.5 290.00 OK
r-oldrel-windows-x86_64 1.5 45.00 363.00 408.00 OK

Check Details

Version: 1.5
Check: package dependencies
Result: ERROR Package required but not available: ‘jetset’ See section ‘The DESCRIPTION file’ in the ‘Writing R Extensions’ manual. Flavor: r-release-macos-arm64