Last updated on 2024-04-18 01:55:27 CEST.
Flavor | Version | Tinstall | Tcheck | Ttotal | Status | Flags |
---|---|---|---|---|---|---|
r-devel-linux-x86_64-debian-clang | 2.1 | 50.49 | 81.37 | 131.86 | NOTE | |
r-devel-linux-x86_64-debian-gcc | 2.1 | 35.69 | 58.66 | 94.35 | NOTE | |
r-devel-linux-x86_64-fedora-clang | 2.1 | 172.96 | NOTE | |||
r-devel-linux-x86_64-fedora-gcc | 2.1 | 167.79 | NOTE | |||
r-prerel-macos-arm64 | 2.1 | 45.00 | NOTE | |||
r-prerel-windows-x86_64 | 2.1 | 39.00 | 100.00 | 139.00 | NOTE | |
r-patched-linux-x86_64 | 2.1 | 51.35 | 74.78 | 126.13 | NOTE | |
r-release-linux-x86_64 | 2.1 | 48.59 | 78.90 | 127.49 | NOTE | |
r-release-macos-arm64 | 2.1 | 53.00 | NOTE | |||
r-release-macos-x86_64 | 2.1 | 86.00 | NOTE | |||
r-release-windows-x86_64 | 2.1 | 51.00 | 123.00 | 174.00 | NOTE | |
r-oldrel-macos-arm64 | 2.1 | 45.00 | NOTE | |||
r-oldrel-windows-x86_64 | 2.1 | 47.00 | 117.00 | 164.00 | NOTE |
Version: 2.1
Check: LazyData
Result: NOTE
'LazyData' is specified without a 'data' directory
Flavors: r-devel-linux-x86_64-debian-clang, r-devel-linux-x86_64-debian-gcc, r-devel-linux-x86_64-fedora-clang, r-devel-linux-x86_64-fedora-gcc, r-prerel-macos-arm64, r-prerel-windows-x86_64, r-patched-linux-x86_64, r-release-linux-x86_64, r-release-macos-arm64, r-release-macos-x86_64, r-release-windows-x86_64, r-oldrel-macos-arm64, r-oldrel-windows-x86_64