Last updated on 2025-10-31 01:49:06 CET.
| Flavor | Version | Tinstall | Tcheck | Ttotal | Status | Flags | 
|---|---|---|---|---|---|---|
| r-devel-linux-x86_64-debian-clang | 1.5 | 35.35 | 35.77 | 71.12 | NOTE | |
| r-devel-linux-x86_64-debian-gcc | 1.5 | 20.30 | 26.22 | 46.52 | NOTE | |
| r-devel-linux-x86_64-fedora-clang | 1.5 | 46.00 | 64.31 | 110.31 | NOTE | |
| r-devel-linux-x86_64-fedora-gcc | 1.5 | 70.00 | 37.70 | 107.70 | NOTE | |
| r-devel-windows-x86_64 | 1.5 | 35.00 | 70.00 | 105.00 | NOTE | |
| r-patched-linux-x86_64 | 1.5 | 33.21 | 33.40 | 66.61 | NOTE | |
| r-release-linux-x86_64 | 1.5 | 33.35 | 33.96 | 67.31 | NOTE | |
| r-release-macos-arm64 | 1.5 | 13.00 | 20.00 | 33.00 | NOTE | |
| r-release-macos-x86_64 | 1.5 | 26.00 | 34.00 | 60.00 | NOTE | |
| r-release-windows-x86_64 | 1.5 | 37.00 | 75.00 | 112.00 | NOTE | |
| r-oldrel-macos-arm64 | 1.5 | 13.00 | 18.00 | 31.00 | NOTE | |
| r-oldrel-macos-x86_64 | 1.5 | 17.00 | 26.00 | 43.00 | NOTE | |
| r-oldrel-windows-x86_64 | 1.5 | 42.00 | 90.00 | 132.00 | NOTE | 
Version: 1.5
Check: CRAN incoming feasibility
Result: NOTE
  Maintainer: ‘Andrew G Chapple <achapp@lsuhsc.edu>’
  
  No Authors@R field in DESCRIPTION.
  Please add one, modifying
    Authors@R: person(given = c("Andrew", "G"),
                      family = "Chapple",
                      role = c("aut", "cre"),
                      email = "achapp@lsuhsc.edu")
  as necessary.
Flavors: r-devel-linux-x86_64-debian-clang, r-devel-linux-x86_64-debian-gcc
Version: 1.5
Check: Rd files
Result: NOTE
  checkRd: (-1) GetEfftoxContour.Rd:37: Lost braces; missing escapes or markup?
      37 | \item{Contour}{Contour vector for desirability function. Contains in order: (pi_{1,E},pi_{2,T},pi_{3,E},pi_{4,T}).}
         |                                                                                 ^
  checkRd: (-1) GetEfftoxContour.Rd:37: Lost braces; missing escapes or markup?
      37 | \item{Contour}{Contour vector for desirability function. Contains in order: (pi_{1,E},pi_{2,T},pi_{3,E},pi_{4,T}).}
         |                                                                                          ^
  checkRd: (-1) GetEfftoxContour.Rd:37: Lost braces; missing escapes or markup?
      37 | \item{Contour}{Contour vector for desirability function. Contains in order: (pi_{1,E},pi_{2,T},pi_{3,E},pi_{4,T}).}
         |                                                                                                   ^
  checkRd: (-1) GetEfftoxContour.Rd:37: Lost braces; missing escapes or markup?
      37 | \item{Contour}{Contour vector for desirability function. Contains in order: (pi_{1,E},pi_{2,T},pi_{3,E},pi_{4,T}).}
         |                                                                                                            ^
  checkRd: (-1) GetEfftoxContour.Rd:47: Lost braces; missing escapes or markup?
      47 | \item{HypermeansEFF}{Hypermeans for the Efftox model. In order, entries are hypermeans for (beta_{0,E},beta_{1,E},beta_{2,E},beta_{0,T},beta_{1,T},psi).}
         |                                                                                                  ^
  checkRd: (-1) GetEfftoxContour.Rd:47: Lost braces; missing escapes or markup?
      47 | \item{HypermeansEFF}{Hypermeans for the Efftox model. In order, entries are hypermeans for (beta_{0,E},beta_{1,E},beta_{2,E},beta_{0,T},beta_{1,T},psi).}
         |                                                                                                             ^
  checkRd: (-1) GetEfftoxContour.Rd:47: Lost braces; missing escapes or markup?
      47 | \item{HypermeansEFF}{Hypermeans for the Efftox model. In order, entries are hypermeans for (beta_{0,E},beta_{1,E},beta_{2,E},beta_{0,T},beta_{1,T},psi).}
         |                                                                                                                        ^
  checkRd: (-1) GetEfftoxContour.Rd:47: Lost braces; missing escapes or markup?
      47 | \item{HypermeansEFF}{Hypermeans for the Efftox model. In order, entries are hypermeans for (beta_{0,E},beta_{1,E},beta_{2,E},beta_{0,T},beta_{1,T},psi).}
         |                                                                                                                                   ^
  checkRd: (-1) GetEfftoxContour.Rd:47: Lost braces; missing escapes or markup?
      47 | \item{HypermeansEFF}{Hypermeans for the Efftox model. In order, entries are hypermeans for (beta_{0,E},beta_{1,E},beta_{2,E},beta_{0,T},beta_{1,T},psi).}
         |                                                                                                                                              ^
  checkRd: (-1) GetEfftoxContour.Rd:49: Lost braces; missing escapes or markup?
      49 | \item{HypervarsEFF}{Hypervariances for the Efftox model. In order, entries are hypervariances for (beta_{0,E},beta_{1,E},beta_{2,E},beta_{0,T},beta_{1,T},psi).}
         |                                                                                                         ^
  checkRd: (-1) GetEfftoxContour.Rd:49: Lost braces; missing escapes or markup?
      49 | \item{HypervarsEFF}{Hypervariances for the Efftox model. In order, entries are hypervariances for (beta_{0,E},beta_{1,E},beta_{2,E},beta_{0,T},beta_{1,T},psi).}
         |                                                                                                                    ^
  checkRd: (-1) GetEfftoxContour.Rd:49: Lost braces; missing escapes or markup?
      49 | \item{HypervarsEFF}{Hypervariances for the Efftox model. In order, entries are hypervariances for (beta_{0,E},beta_{1,E},beta_{2,E},beta_{0,T},beta_{1,T},psi).}
         |                                                                                                                               ^
  checkRd: (-1) GetEfftoxContour.Rd:49: Lost braces; missing escapes or markup?
      49 | \item{HypervarsEFF}{Hypervariances for the Efftox model. In order, entries are hypervariances for (beta_{0,E},beta_{1,E},beta_{2,E},beta_{0,T},beta_{1,T},psi).}
         |                                                                                                                                          ^
  checkRd: (-1) GetEfftoxContour.Rd:49: Lost braces; missing escapes or markup?
      49 | \item{HypervarsEFF}{Hypervariances for the Efftox model. In order, entries are hypervariances for (beta_{0,E},beta_{1,E},beta_{2,E},beta_{0,T},beta_{1,T},psi).}
         |                                                                                                                                                     ^
  checkRd: (-1) GetEfftoxUt.Rd:47: Lost braces; missing escapes or markup?
      47 | \item{HypermeansEFF}{Hypermeans for the Efftox model. In order, entries are hypermeans for (beta_{0,E},beta_{1,E},beta_{2,E},beta_{0,T},beta_{1,T},psi).}
         |                                                                                                  ^
  checkRd: (-1) GetEfftoxUt.Rd:47: Lost braces; missing escapes or markup?
      47 | \item{HypermeansEFF}{Hypermeans for the Efftox model. In order, entries are hypermeans for (beta_{0,E},beta_{1,E},beta_{2,E},beta_{0,T},beta_{1,T},psi).}
         |                                                                                                             ^
  checkRd: (-1) GetEfftoxUt.Rd:47: Lost braces; missing escapes or markup?
      47 | \item{HypermeansEFF}{Hypermeans for the Efftox model. In order, entries are hypermeans for (beta_{0,E},beta_{1,E},beta_{2,E},beta_{0,T},beta_{1,T},psi).}
         |                                                                                                                        ^
  checkRd: (-1) GetEfftoxUt.Rd:47: Lost braces; missing escapes or markup?
      47 | \item{HypermeansEFF}{Hypermeans for the Efftox model. In order, entries are hypermeans for (beta_{0,E},beta_{1,E},beta_{2,E},beta_{0,T},beta_{1,T},psi).}
         |                                                                                                                                   ^
  checkRd: (-1) GetEfftoxUt.Rd:47: Lost braces; missing escapes or markup?
      47 | \item{HypermeansEFF}{Hypermeans for the Efftox model. In order, entries are hypermeans for (beta_{0,E},beta_{1,E},beta_{2,E},beta_{0,T},beta_{1,T},psi).}
         |                                                                                                                                              ^
  checkRd: (-1) GetEfftoxUt.Rd:49: Lost braces; missing escapes or markup?
      49 | \item{HypervarsEFF}{Hypervariances for the Efftox model. In order, entries are hypervariances for (beta_{0,E},beta_{1,E},beta_{2,E},beta_{0,T},beta_{1,T},psi).}
         |                                                                                                         ^
  checkRd: (-1) GetEfftoxUt.Rd:49: Lost braces; missing escapes or markup?
      49 | \item{HypervarsEFF}{Hypervariances for the Efftox model. In order, entries are hypervariances for (beta_{0,E},beta_{1,E},beta_{2,E},beta_{0,T},beta_{1,T},psi).}
         |                                                                                                                    ^
  checkRd: (-1) GetEfftoxUt.Rd:49: Lost braces; missing escapes or markup?
      49 | \item{HypervarsEFF}{Hypervariances for the Efftox model. In order, entries are hypervariances for (beta_{0,E},beta_{1,E},beta_{2,E},beta_{0,T},beta_{1,T},psi).}
         |                                                                                                                               ^
  checkRd: (-1) GetEfftoxUt.Rd:49: Lost braces; missing escapes or markup?
      49 | \item{HypervarsEFF}{Hypervariances for the Efftox model. In order, entries are hypervariances for (beta_{0,E},beta_{1,E},beta_{2,E},beta_{0,T},beta_{1,T},psi).}
         |                                                                                                                                          ^
  checkRd: (-1) GetEfftoxUt.Rd:49: Lost braces; missing escapes or markup?
      49 | \item{HypervarsEFF}{Hypervariances for the Efftox model. In order, entries are hypervariances for (beta_{0,E},beta_{1,E},beta_{2,E},beta_{0,T},beta_{1,T},psi).}
         |                                                                                                                                                     ^
  checkRd: (-1) GetSpsoContour.Rd:35: Lost braces; missing escapes or markup?
      35 | \item{Contour}{Contour vector for desirability function. Contains in order: (pi_{1,E},pi_{2,T},pi_{3,E},pi_{4,T}).}
         |                                                                                 ^
  checkRd: (-1) GetSpsoContour.Rd:35: Lost braces; missing escapes or markup?
      35 | \item{Contour}{Contour vector for desirability function. Contains in order: (pi_{1,E},pi_{2,T},pi_{3,E},pi_{4,T}).}
         |                                                                                          ^
  checkRd: (-1) GetSpsoContour.Rd:35: Lost braces; missing escapes or markup?
      35 | \item{Contour}{Contour vector for desirability function. Contains in order: (pi_{1,E},pi_{2,T},pi_{3,E},pi_{4,T}).}
         |                                                                                                   ^
  checkRd: (-1) GetSpsoContour.Rd:35: Lost braces; missing escapes or markup?
      35 | \item{Contour}{Contour vector for desirability function. Contains in order: (pi_{1,E},pi_{2,T},pi_{3,E},pi_{4,T}).}
         |                                                                                                            ^
  checkRd: (-1) SimEfftoxContour.Rd:39: Lost braces; missing escapes or markup?
      39 | \item{Contour}{Contour vector for desirability function. Contains in order: (pi_{1,E},pi_{2,T},pi_{3,E},pi_{4,T}).}
         |                                                                                 ^
  checkRd: (-1) SimEfftoxContour.Rd:39: Lost braces; missing escapes or markup?
      39 | \item{Contour}{Contour vector for desirability function. Contains in order: (pi_{1,E},pi_{2,T},pi_{3,E},pi_{4,T}).}
         |                                                                                          ^
  checkRd: (-1) SimEfftoxContour.Rd:39: Lost braces; missing escapes or markup?
      39 | \item{Contour}{Contour vector for desirability function. Contains in order: (pi_{1,E},pi_{2,T},pi_{3,E},pi_{4,T}).}
         |                                                                                                   ^
  checkRd: (-1) SimEfftoxContour.Rd:39: Lost braces; missing escapes or markup?
      39 | \item{Contour}{Contour vector for desirability function. Contains in order: (pi_{1,E},pi_{2,T},pi_{3,E},pi_{4,T}).}
         |                                                                                                            ^
  checkRd: (-1) SimEfftoxContour.Rd:49: Lost braces; missing escapes or markup?
      49 | \item{HypermeansEFF}{Hypermeans for the Efftox model. In order, entries are hypermeans for (beta_{0,E},beta_{1,E},beta_{2,E},beta_{0,T},beta_{1,T},psi).}
         |                                                                                                  ^
  checkRd: (-1) SimEfftoxContour.Rd:49: Lost braces; missing escapes or markup?
      49 | \item{HypermeansEFF}{Hypermeans for the Efftox model. In order, entries are hypermeans for (beta_{0,E},beta_{1,E},beta_{2,E},beta_{0,T},beta_{1,T},psi).}
         |                                                                                                             ^
  checkRd: (-1) SimEfftoxContour.Rd:49: Lost braces; missing escapes or markup?
      49 | \item{HypermeansEFF}{Hypermeans for the Efftox model. In order, entries are hypermeans for (beta_{0,E},beta_{1,E},beta_{2,E},beta_{0,T},beta_{1,T},psi).}
         |                                                                                                                        ^
  checkRd: (-1) SimEfftoxContour.Rd:49: Lost braces; missing escapes or markup?
      49 | \item{HypermeansEFF}{Hypermeans for the Efftox model. In order, entries are hypermeans for (beta_{0,E},beta_{1,E},beta_{2,E},beta_{0,T},beta_{1,T},psi).}
         |                                                                                                                                   ^
  checkRd: (-1) SimEfftoxContour.Rd:49: Lost braces; missing escapes or markup?
      49 | \item{HypermeansEFF}{Hypermeans for the Efftox model. In order, entries are hypermeans for (beta_{0,E},beta_{1,E},beta_{2,E},beta_{0,T},beta_{1,T},psi).}
         |                                                                                                                                              ^
  checkRd: (-1) SimEfftoxContour.Rd:51: Lost braces; missing escapes or markup?
      51 | \item{HypervarsEFF}{Hypervariances for the Efftox model. In order, entries are hypervariances for (beta_{0,E},beta_{1,E},beta_{2,E},beta_{0,T},beta_{1,T},psi).}
         |                                                                                                         ^
  checkRd: (-1) SimEfftoxContour.Rd:51: Lost braces; missing escapes or markup?
      51 | \item{HypervarsEFF}{Hypervariances for the Efftox model. In order, entries are hypervariances for (beta_{0,E},beta_{1,E},beta_{2,E},beta_{0,T},beta_{1,T},psi).}
         |                                                                                                                    ^
  checkRd: (-1) SimEfftoxContour.Rd:51: Lost braces; missing escapes or markup?
      51 | \item{HypervarsEFF}{Hypervariances for the Efftox model. In order, entries are hypervariances for (beta_{0,E},beta_{1,E},beta_{2,E},beta_{0,T},beta_{1,T},psi).}
         |                                                                                                                               ^
  checkRd: (-1) SimEfftoxContour.Rd:51: Lost braces; missing escapes or markup?
      51 | \item{HypervarsEFF}{Hypervariances for the Efftox model. In order, entries are hypervariances for (beta_{0,E},beta_{1,E},beta_{2,E},beta_{0,T},beta_{1,T},psi).}
         |                                                                                                                                          ^
  checkRd: (-1) SimEfftoxContour.Rd:51: Lost braces; missing escapes or markup?
      51 | \item{HypervarsEFF}{Hypervariances for the Efftox model. In order, entries are hypervariances for (beta_{0,E},beta_{1,E},beta_{2,E},beta_{0,T},beta_{1,T},psi).}
         |                                                                                                                                                     ^
  checkRd: (-1) SimEfftoxUt.Rd:49: Lost braces; missing escapes or markup?
      49 | \item{HypermeansEFF}{Hypermeans for the Efftox model. In order, entries are hypermeans for (beta_{0,E},beta_{1,E},beta_{2,E},beta_{0,T},beta_{1,T},psi).}
         |                                                                                                  ^
  checkRd: (-1) SimEfftoxUt.Rd:49: Lost braces; missing escapes or markup?
      49 | \item{HypermeansEFF}{Hypermeans for the Efftox model. In order, entries are hypermeans for (beta_{0,E},beta_{1,E},beta_{2,E},beta_{0,T},beta_{1,T},psi).}
         |                                                                                                             ^
  checkRd: (-1) SimEfftoxUt.Rd:49: Lost braces; missing escapes or markup?
      49 | \item{HypermeansEFF}{Hypermeans for the Efftox model. In order, entries are hypermeans for (beta_{0,E},beta_{1,E},beta_{2,E},beta_{0,T},beta_{1,T},psi).}
         |                                                                                                                        ^
  checkRd: (-1) SimEfftoxUt.Rd:49: Lost braces; missing escapes or markup?
      49 | \item{HypermeansEFF}{Hypermeans for the Efftox model. In order, entries are hypermeans for (beta_{0,E},beta_{1,E},beta_{2,E},beta_{0,T},beta_{1,T},psi).}
         |                                                                                                                                   ^
  checkRd: (-1) SimEfftoxUt.Rd:49: Lost braces; missing escapes or markup?
      49 | \item{HypermeansEFF}{Hypermeans for the Efftox model. In order, entries are hypermeans for (beta_{0,E},beta_{1,E},beta_{2,E},beta_{0,T},beta_{1,T},psi).}
         |                                                                                                                                              ^
  checkRd: (-1) SimEfftoxUt.Rd:51: Lost braces; missing escapes or markup?
      51 | \item{HypervarsEFF}{Hypervariances for the Efftox model. In order, entries are hypervariances for (beta_{0,E},beta_{1,E},beta_{2,E},beta_{0,T},beta_{1,T},psi).}
         |                                                                                                         ^
  checkRd: (-1) SimEfftoxUt.Rd:51: Lost braces; missing escapes or markup?
      51 | \item{HypervarsEFF}{Hypervariances for the Efftox model. In order, entries are hypervariances for (beta_{0,E},beta_{1,E},beta_{2,E},beta_{0,T},beta_{1,T},psi).}
         |                                                                                                                    ^
  checkRd: (-1) SimEfftoxUt.Rd:51: Lost braces; missing escapes or markup?
      51 | \item{HypervarsEFF}{Hypervariances for the Efftox model. In order, entries are hypervariances for (beta_{0,E},beta_{1,E},beta_{2,E},beta_{0,T},beta_{1,T},psi).}
         |                                                                                                                               ^
  checkRd: (-1) SimEfftoxUt.Rd:51: Lost braces; missing escapes or markup?
      51 | \item{HypervarsEFF}{Hypervariances for the Efftox model. In order, entries are hypervariances for (beta_{0,E},beta_{1,E},beta_{2,E},beta_{0,T},beta_{1,T},psi).}
         |                                                                                                                                          ^
  checkRd: (-1) SimEfftoxUt.Rd:51: Lost braces; missing escapes or markup?
      51 | \item{HypervarsEFF}{Hypervariances for the Efftox model. In order, entries are hypervariances for (beta_{0,E},beta_{1,E},beta_{2,E},beta_{0,T},beta_{1,T},psi).}
         |                                                                                                                                                     ^
  checkRd: (-1) SimSpsoContour.Rd:37: Lost braces; missing escapes or markup?
      37 | \item{Contour}{Contour vector for desirability function. Contains in order: (pi_{1,E},pi_{2,T},pi_{3,E},pi_{4,T}).}
         |                                                                                 ^
  checkRd: (-1) SimSpsoContour.Rd:37: Lost braces; missing escapes or markup?
      37 | \item{Contour}{Contour vector for desirability function. Contains in order: (pi_{1,E},pi_{2,T},pi_{3,E},pi_{4,T}).}
         |                                                                                          ^
  checkRd: (-1) SimSpsoContour.Rd:37: Lost braces; missing escapes or markup?
      37 | \item{Contour}{Contour vector for desirability function. Contains in order: (pi_{1,E},pi_{2,T},pi_{3,E},pi_{4,T}).}
         |                                                                                                   ^
  checkRd: (-1) SimSpsoContour.Rd:37: Lost braces; missing escapes or markup?
      37 | \item{Contour}{Contour vector for desirability function. Contains in order: (pi_{1,E},pi_{2,T},pi_{3,E},pi_{4,T}).}
         |                                                                                                            ^
Flavors: r-devel-linux-x86_64-debian-clang, r-devel-linux-x86_64-debian-gcc, r-devel-linux-x86_64-fedora-clang, r-devel-linux-x86_64-fedora-gcc, r-devel-windows-x86_64, r-patched-linux-x86_64, r-release-linux-x86_64, r-release-macos-arm64, r-release-macos-x86_64, r-release-windows-x86_64, r-oldrel-macos-arm64, r-oldrel-macos-x86_64, r-oldrel-windows-x86_64