Last updated on 2024-04-19 01:58:53 CEST.
Flavor | Version | Tinstall | Tcheck | Ttotal | Status | Flags |
---|---|---|---|---|---|---|
r-devel-linux-x86_64-debian-clang | 0.4.3 | 26.60 | 454.60 | 481.20 | NOTE | |
r-devel-linux-x86_64-debian-gcc | 0.4.3 | 17.50 | 305.34 | 322.84 | NOTE | |
r-devel-linux-x86_64-fedora-clang | 0.4.3 | 593.94 | NOTE | |||
r-devel-linux-x86_64-fedora-gcc | 0.4.3 | 583.89 | NOTE | |||
r-prerel-macos-arm64 | 0.4.3 | 129.00 | NOTE | |||
r-prerel-macos-x86_64 | 0.4.3 | 310.00 | NOTE | |||
r-prerel-windows-x86_64 | 0.4.3 | 19.00 | 280.00 | 299.00 | NOTE | |
r-patched-linux-x86_64 | 0.4.3 | 23.17 | 426.25 | 449.42 | NOTE | |
r-release-linux-x86_64 | 0.4.3 | 19.52 | 431.36 | 450.88 | OK | |
r-release-macos-arm64 | 0.4.3 | 126.00 | OK | |||
r-release-macos-x86_64 | 0.4.3 | 432.00 | OK | |||
r-release-windows-x86_64 | 0.4.3 | 24.00 | 384.00 | 408.00 | OK | |
r-oldrel-macos-arm64 | 0.4.3 | 113.00 | OK | |||
r-oldrel-windows-x86_64 | 0.4.3 | 26.00 | 381.00 | 407.00 | OK |
Version: 0.4.3
Check: Rd files
Result: NOTE
checkRd: (-1) adjacency.Rd:27: Lost braces; missing escapes or markup?
27 | item j. For example, in the ranking \\{1\\} > \\{3, 4\\} > \\{2\\},
| ^
checkRd: (-1) adjacency.Rd:27: Lost braces; missing escapes or markup?
27 | item j. For example, in the ranking \\{1\\} > \\{3, 4\\} > \\{2\\},
| ^
checkRd: (-1) adjacency.Rd:27: Lost braces; missing escapes or markup?
27 | item j. For example, in the ranking \\{1\\} > \\{3, 4\\} > \\{2\\},
| ^
checkRd: (-1) rankings.Rd:127: Lost braces; missing escapes or markup?
127 | rank skipped. For example {1, 0, 2, 1}, ranks the first and fourth items in
| ^
Flavors: r-devel-linux-x86_64-debian-clang, r-devel-linux-x86_64-debian-gcc, r-devel-linux-x86_64-fedora-clang, r-devel-linux-x86_64-fedora-gcc, r-prerel-macos-arm64, r-prerel-windows-x86_64, r-patched-linux-x86_64
Version: 0.4.3
Check: package dependencies
Result: NOTE
Packages suggested but not available for checking: 'BiocStyle', 'PLMIX'
Flavor: r-prerel-macos-x86_64