Last updated on 2024-08-16 01:48:26 CEST.
Flavor | Version | Tinstall | Tcheck | Ttotal | Status | Flags |
---|---|---|---|---|---|---|
r-devel-linux-x86_64-debian-clang | 1.6.0 | 34.58 | 269.92 | 304.50 | OK | |
r-devel-linux-x86_64-debian-gcc | 1.6.0 | 20.93 | 167.94 | 188.87 | OK | |
r-devel-linux-x86_64-fedora-clang | 1.6.0 | 486.69 | NOTE | |||
r-devel-linux-x86_64-fedora-gcc | 1.6.0 | 481.04 | OK | |||
r-devel-windows-x86_64 | 1.6.0 | 30.00 | 242.00 | 272.00 | NOTE | |
r-patched-linux-x86_64 | 1.6.0 | 30.92 | 249.33 | 280.25 | OK | |
r-release-linux-x86_64 | 1.6.0 | 32.50 | 254.37 | 286.87 | OK | |
r-release-macos-arm64 | 1.6.0 | 120.00 | NOTE | |||
r-release-macos-x86_64 | 1.6.0 | 189.00 | NOTE | |||
r-release-windows-x86_64 | 1.6.0 | 30.00 | 243.00 | 273.00 | NOTE | |
r-oldrel-macos-arm64 | 1.6.0 | 123.00 | NOTE | |||
r-oldrel-macos-x86_64 | 1.6.0 | 245.00 | NOTE | |||
r-oldrel-windows-x86_64 | 1.6.0 | 41.00 | 318.00 | 359.00 | NOTE |
Version: 1.6.0
Check: installed package size
Result: NOTE
installed size is 7.0Mb
sub-directories of 1Mb or more:
doc 5.9Mb
Flavors: r-devel-linux-x86_64-fedora-clang, r-devel-windows-x86_64, r-release-macos-arm64, r-release-macos-x86_64, r-release-windows-x86_64, r-oldrel-macos-arm64, r-oldrel-macos-x86_64, r-oldrel-windows-x86_64