Last updated on 2025-02-01 01:50:42 CET.
Flavor | Version | Tinstall | Tcheck | Ttotal | Status | Flags |
---|---|---|---|---|---|---|
r-devel-linux-x86_64-debian-clang | 0.2.0 | 4.85 | 107.17 | 112.02 | NOTE | |
r-devel-linux-x86_64-debian-gcc | 0.2.0 | 3.98 | 72.55 | 76.53 | NOTE | |
r-devel-linux-x86_64-fedora-clang | 0.2.0 | 203.48 | NOTE | |||
r-devel-linux-x86_64-fedora-gcc | 0.2.0 | 190.33 | NOTE | |||
r-devel-windows-x86_64 | 0.2.0 | 8.00 | 114.00 | 122.00 | NOTE | |
r-patched-linux-x86_64 | 0.2.0 | 4.09 | 102.33 | 106.42 | NOTE | |
r-release-linux-x86_64 | 0.2.0 | 4.97 | 102.21 | 107.18 | NOTE | |
r-release-macos-arm64 | 0.2.0 | 55.00 | NOTE | |||
r-release-macos-x86_64 | 0.2.0 | 81.00 | NOTE | |||
r-release-windows-x86_64 | 0.2.0 | 7.00 | 114.00 | 121.00 | NOTE | |
r-oldrel-macos-arm64 | 0.2.0 | 61.00 | OK | |||
r-oldrel-macos-x86_64 | 0.2.0 | 81.00 | OK | |||
r-oldrel-windows-x86_64 | 0.2.0 | 9.00 | 130.00 | 139.00 | OK |
Version: 0.2.0
Check: Rd files
Result: NOTE
checkRd: (-1) estimate.functional.Rd:34: Lost braces; missing escapes or markup?
34 | \item{bw}{function describing bandwidth selection (see ?gmm for alternatives). Standard is that the bandwidth depends on the sample length $T$ by $m(T)=T^{1/5}$.}
| ^
Flavors: r-devel-linux-x86_64-debian-clang, r-devel-linux-x86_64-debian-gcc, r-devel-linux-x86_64-fedora-clang, r-devel-linux-x86_64-fedora-gcc, r-devel-windows-x86_64, r-patched-linux-x86_64, r-release-linux-x86_64, r-release-macos-arm64, r-release-macos-x86_64, r-release-windows-x86_64
Version: 0.2.0
Check: dependencies in R code
Result: NOTE
Namespaces in Imports field not imported from:
‘car’ ‘lubridate’
All declared Imports should be used.
Flavors: r-devel-linux-x86_64-fedora-clang, r-devel-linux-x86_64-fedora-gcc