Last updated on 2024-04-26 01:53:18 CEST.
Flavor | Version | Tinstall | Tcheck | Ttotal | Status | Flags |
---|---|---|---|---|---|---|
r-devel-linux-x86_64-debian-clang | 0.1.3 | 295.75 | 164.80 | 460.55 | NOTE | |
r-devel-linux-x86_64-debian-gcc | 0.1.3 | 273.29 | 138.58 | 411.87 | NOTE | |
r-devel-linux-x86_64-fedora-clang | 0.1.3 | 593.97 | NOTE | |||
r-devel-linux-x86_64-fedora-gcc | 0.1.3 | 733.37 | NOTE | |||
r-devel-windows-x86_64 | 0.1.3 | 240.00 | 165.00 | 405.00 | NOTE | |
r-patched-linux-x86_64 | 0.1.3 | 270.49 | 184.43 | 454.92 | NOTE | |
r-release-linux-x86_64 | 0.1.3 | 310.47 | 179.48 | 489.95 | NOTE | |
r-release-macos-arm64 | 0.1.3 | 137.00 | NOTE | |||
r-release-windows-x86_64 | 0.1.3 | 237.00 | 155.00 | 392.00 | NOTE | |
r-oldrel-macos-arm64 | 0.1.3 | 135.00 | NOTE | |||
r-oldrel-macos-x86_64 | 0.1.3 | 225.00 | NOTE | |||
r-oldrel-windows-x86_64 | 0.1.3 | 297.00 | 203.00 | 500.00 | NOTE |
Version: 0.1.3
Check: for GNU extensions in Makefiles
Result: NOTE
GNU make is a SystemRequirements.
Flavors: r-devel-linux-x86_64-debian-clang, r-devel-linux-x86_64-debian-gcc, r-devel-linux-x86_64-fedora-clang, r-devel-linux-x86_64-fedora-gcc, r-devel-windows-x86_64, r-patched-linux-x86_64, r-release-linux-x86_64, r-release-macos-arm64, r-release-windows-x86_64, r-oldrel-macos-arm64, r-oldrel-macos-x86_64, r-oldrel-windows-x86_64
Version: 0.1.3
Check: dependencies in R code
Result: NOTE
Namespace in Imports field not imported from: ‘rstantools’
All declared Imports should be used.
Flavors: r-devel-linux-x86_64-fedora-clang, r-devel-linux-x86_64-fedora-gcc
Version: 0.1.3
Check: installed package size
Result: NOTE
installed size is 53.7Mb
sub-directories of 1Mb or more:
libs 53.4Mb
Flavors: r-release-macos-arm64, r-oldrel-macos-arm64, r-oldrel-macos-x86_64