Last updated on 2025-05-29 02:50:57 CEST.
Flavor | Version | Tinstall | Tcheck | Ttotal | Status | Flags |
---|---|---|---|---|---|---|
r-devel-linux-x86_64-debian-clang | 1.0-12 | 6.98 | 55.51 | 62.49 | OK | |
r-devel-linux-x86_64-debian-gcc | 1.0-12 | 5.35 | 40.93 | 46.28 | OK | |
r-devel-linux-x86_64-fedora-clang | 1.0-12 | 97.47 | OK | |||
r-devel-linux-x86_64-fedora-gcc | 1.0-12 | 95.82 | OK | |||
r-devel-windows-x86_64 | 1.0-12 | 8.00 | 66.00 | 74.00 | OK | |
r-patched-linux-x86_64 | 1.0-12 | 6.69 | 52.91 | 59.60 | OK | |
r-release-linux-x86_64 | 1.0-12 | 7.43 | 53.37 | 60.80 | OK | |
r-release-macos-arm64 | 1.0-12 | 34.00 | OK | |||
r-release-macos-x86_64 | 1.0-12 | 61.00 | OK | |||
r-release-windows-x86_64 | 1.0-12 | 8.00 | 66.00 | 74.00 | OK | |
r-oldrel-macos-arm64 | 1.0-12 | 29.00 | NOTE | |||
r-oldrel-macos-x86_64 | 1.0-12 | 44.00 | NOTE | |||
r-oldrel-windows-x86_64 | 1.0-12 | 11.00 | 80.00 | 91.00 | NOTE |
Version: 1.0-12
Check: LazyData
Result: NOTE
'LazyData' is specified without a 'data' directory
Flavors: r-oldrel-macos-arm64, r-oldrel-macos-x86_64, r-oldrel-windows-x86_64