CRAN Package Check Results for Package ProbReco

Last updated on 2022-07-04 02:53:39 CEST.

Flavor Version Tinstall Tcheck Ttotal Status Flags
r-devel-linux-x86_64-debian-clang 0.1.0.1 53.04 76.48 129.52 OK
r-devel-linux-x86_64-debian-gcc 0.1.0.1 48.93 61.33 110.26 OK
r-devel-linux-x86_64-fedora-clang 0.1.0.1 177.10 NOTE
r-devel-linux-x86_64-fedora-gcc 0.1.0.1 187.52 NOTE
r-devel-windows-x86_64 0.1.0.1 326.00 125.00 451.00 OK
r-patched-linux-x86_64 0.1.0.1 50.64 77.69 128.33 OK
r-release-linux-x86_64 0.1.0.1 54.89 78.59 133.48 OK
r-release-macos-arm64 0.1.0.1 47.00 NOTE
r-release-macos-x86_64 0.1.0.1 62.00 NOTE
r-release-windows-x86_64 0.1.0.1 308.00 124.00 432.00 OK
r-oldrel-macos-arm64 0.1.0.1 57.00 NOTE
r-oldrel-macos-x86_64 0.1.0.1 104.00 NOTE
r-oldrel-windows-ix86+x86_64 0.1.0.1 145.00 138.00 283.00 OK

Check Details

Version: 0.1.0.1
Check: dependencies in R code
Result: NOTE
    Namespace in Imports field not imported from: ‘Rdpack’
     All declared Imports should be used.
Flavors: r-devel-linux-x86_64-fedora-clang, r-devel-linux-x86_64-fedora-gcc, r-release-macos-arm64, r-release-macos-x86_64, r-oldrel-macos-arm64, r-oldrel-macos-x86_64

Version: 0.1.0.1
Check: installed package size
Result: NOTE
     installed size is 12.8Mb
     sub-directories of 1Mb or more:
     libs 12.5Mb
Flavors: r-release-macos-arm64, r-release-macos-x86_64, r-oldrel-macos-arm64, r-oldrel-macos-x86_64