CRAN Package Check Results for Package QTL.gCIMapping.GUI

Last updated on 2025-07-21 01:49:13 CEST.

Flavor Version Tinstall Tcheck Ttotal Status Flags
r-devel-linux-x86_64-debian-clang 2.1.1 28.40 98.32 126.72 NOTE
r-devel-linux-x86_64-debian-gcc 2.1.1 18.08 67.74 85.82 NOTE
r-devel-linux-x86_64-fedora-clang 2.1.1 197.47 OK
r-devel-linux-x86_64-fedora-gcc 2.1.1 181.85 OK
r-devel-windows-x86_64 2.1.1 28.00 110.00 138.00 OK
r-patched-linux-x86_64 2.1.1 23.69 90.17 113.86 OK
r-release-linux-x86_64 2.1.1 23.94 90.32 114.26 OK
r-release-macos-arm64 2.1.1 56.00 OK
r-release-macos-x86_64 2.1.1 187.00 OK
r-release-windows-x86_64 2.1.1 26.00 114.00 140.00 OK
r-oldrel-macos-arm64 2.1.1 52.00 OK
r-oldrel-macos-x86_64 2.1.1 79.00 OK
r-oldrel-windows-x86_64 2.1.1 37.00 147.00 184.00 OK

Check Details

Version: 2.1.1
Check: CRAN incoming feasibility
Result: NOTE Maintainer: ‘Yuanming Zhang<soyzhang@mail.hzau.edu.cn>’ No Authors@R field in DESCRIPTION. Please add one, modifying Authors@R: c(person(given = "Zhang", family = "Ya-Wen", role = "aut"), person(given = "Wen", family = "Yang-Jun", role = "aut"), person(given = "Wang", family = "Shi-Bo", role = "aut"), person(given = "Zhang", family = "Yuan-Ming", role = "aut"), person(given = "Yuanming", family = "Zhang", role = "cre", email = "soyzhang@mail.hzau.edu.cn")) as necessary. Flavors: r-devel-linux-x86_64-debian-clang, r-devel-linux-x86_64-debian-gcc