Last updated on 2024-04-24 01:52:21 CEST.
Flavor | Version | Tinstall | Tcheck | Ttotal | Status | Flags |
---|---|---|---|---|---|---|
r-devel-linux-x86_64-debian-clang | 0.1.6 | 20.14 | 170.15 | 190.29 | OK | |
r-devel-linux-x86_64-debian-gcc | 0.1.6 | 15.13 | 122.76 | 137.89 | OK | |
r-devel-linux-x86_64-fedora-clang | 0.1.6 | 249.95 | OK | |||
r-devel-linux-x86_64-fedora-gcc | 0.1.6 | 236.65 | OK | |||
r-prerel-macos-arm64 | 0.1.6 | 61.00 | OK | |||
r-prerel-macos-x86_64 | 0.1.6 | 151.00 | OK | |||
r-prerel-windows-x86_64 | 0.1.6 | 16.00 | 125.00 | 141.00 | OK | |
r-patched-linux-x86_64 | 0.1.6 | 22.89 | 158.73 | 181.62 | OK | |
r-release-linux-x86_64 | 0.1.6 | 12.56 | 164.85 | 177.41 | OK | |
r-release-macos-arm64 | 0.1.6 | 79.00 | OK | |||
r-release-macos-x86_64 | 0.1.6 | 130.00 | OK | |||
r-release-windows-x86_64 | 0.1.6 | 23.00 | 160.00 | 183.00 | OK | |
r-oldrel-macos-arm64 | 0.1.3 | 77.00 | ERROR | |||
r-oldrel-windows-x86_64 | 0.1.3 | 31.00 | 201.00 | 232.00 | OK |
Version: 0.1.3
Check: PDF version of manual
Result: WARN
LaTeX errors when creating PDF version.
This typically indicates Rd problems.
LaTeX errors found:
! Undefined control sequence.
<argument> K_\text
{max}
l.2230 ...to a user-specified \eqn{K_\text{max}}{}
)
! Undefined control sequence.
<argument> K_\text
{max}
l.2256 ...er}{integer} scalar \eqn{K_\text{max}}{}
,
! Undefined control sequence.
<argument> K^c+1=K_\text
{max}
l.2282 ...is stopped if \eqn{K^c+1=K_\text{max}}{}
,
Flavor: r-oldrel-macos-arm64
Version: 0.1.3
Check: PDF version of manual without index
Result: ERROR
Flavor: r-oldrel-macos-arm64