Last updated on 2025-04-30 01:50:32 CEST.
Flavor | Version | Tinstall | Tcheck | Ttotal | Status | Flags |
---|---|---|---|---|---|---|
r-devel-linux-x86_64-debian-clang | 1.2.1 | 35.51 | 119.66 | 155.17 | NOTE | |
r-devel-linux-x86_64-debian-gcc | 1.2.1 | 23.04 | 82.88 | 105.92 | NOTE | |
r-devel-linux-x86_64-fedora-clang | 1.2.1 | 279.06 | OK | |||
r-devel-linux-x86_64-fedora-gcc | 1.2.1 | 235.62 | OK | |||
r-devel-windows-x86_64 | 1.2.1 | 42.00 | 146.00 | 188.00 | OK | |
r-patched-linux-x86_64 | 1.2.1 | 34.32 | 114.28 | 148.60 | OK | |
r-release-linux-x86_64 | 1.2.1 | 35.93 | 113.02 | 148.95 | OK | |
r-release-macos-arm64 | 1.2.1 | 67.00 | OK | |||
r-release-macos-x86_64 | 1.2.1 | 117.00 | OK | |||
r-release-windows-x86_64 | 1.2.1 | 45.00 | 145.00 | 190.00 | OK | |
r-oldrel-macos-arm64 | 1.2.1 | 67.00 | OK | |||
r-oldrel-macos-x86_64 | 1.2.1 | 121.00 | OK | |||
r-oldrel-windows-x86_64 | 1.2.1 | 49.00 | 184.00 | 233.00 | OK |
Version: 1.2.1
Check: examples
Result: NOTE
Examples with CPU (user + system) or elapsed time > 5s
user system elapsed
extract 5.668 0.187 7.58
Flavor: r-devel-linux-x86_64-debian-clang
Version: 1.2.1
Check: examples
Result: NOTE
Examples with CPU (user + system) or elapsed time > 5s
user system elapsed
extract 3.794 0.196 5.428
Flavor: r-devel-linux-x86_64-debian-gcc