CRAN Package Check Results for Package R.cache

Last updated on 2022-05-25 02:52:27 CEST.

Flavor Version Tinstall Tcheck Ttotal Status Flags
r-devel-linux-x86_64-debian-clang 0.15.0 3.72 50.69 54.41 NOTE
r-devel-linux-x86_64-debian-gcc 0.15.0 2.77 39.56 42.33 NOTE
r-devel-linux-x86_64-fedora-clang 0.15.0 64.24 OK
r-devel-linux-x86_64-fedora-gcc 0.15.0 63.31 OK
r-devel-windows-x86_64 0.15.0 19.00 427.00 446.00 OK
r-patched-linux-x86_64 0.15.0 4.07 48.97 53.04 OK
r-release-linux-x86_64 0.15.0 OK
r-release-macos-arm64 0.15.0 37.00 OK
r-release-macos-x86_64 0.15.0 49.00 OK
r-release-windows-x86_64 0.15.0 20.00 175.00 195.00 OK
r-oldrel-macos-arm64 0.15.0 45.00 OK
r-oldrel-macos-x86_64 0.15.0 59.00 OK
r-oldrel-windows-ix86+x86_64 0.15.0 8.00 91.00 99.00 OK

Check Details

Version: 0.15.0
Check: HTML version of manual
Result: NOTE
    Found the following problems:
    R.cache-package.Rd:62:1: Warning: trimming empty <p>
Flavors: r-devel-linux-x86_64-debian-clang, r-devel-linux-x86_64-debian-gcc