Last updated on 2025-02-02 01:49:25 CET.
Flavor | Version | Tinstall | Tcheck | Ttotal | Status | Flags |
---|---|---|---|---|---|---|
r-devel-linux-x86_64-debian-clang | 0.16.0 | 2.98 | 35.31 | 38.29 | NOTE | |
r-devel-linux-x86_64-debian-gcc | 0.16.0 | 2.17 | 27.89 | 30.06 | NOTE | |
r-devel-linux-x86_64-fedora-clang | 0.16.0 | 64.54 | NOTE | |||
r-devel-linux-x86_64-fedora-gcc | 0.16.0 | 58.15 | NOTE | |||
r-devel-windows-x86_64 | 0.16.0 | 4.00 | 185.00 | 189.00 | NOTE | |
r-patched-linux-x86_64 | 0.16.0 | 3.21 | 33.11 | 36.32 | NOTE | |
r-release-linux-x86_64 | 0.16.0 | 2.78 | 33.41 | 36.19 | NOTE | |
r-release-macos-arm64 | 0.16.0 | 38.00 | NOTE | |||
r-release-macos-x86_64 | 0.16.0 | 48.00 | NOTE | |||
r-release-windows-x86_64 | 0.16.0 | 4.00 | 223.00 | 227.00 | NOTE | |
r-oldrel-macos-arm64 | 0.16.0 | 40.00 | OK | |||
r-oldrel-macos-x86_64 | 0.16.0 | 47.00 | OK | |||
r-oldrel-windows-x86_64 | 0.16.0 | 5.00 | 242.00 | 247.00 | OK |
Version: 0.16.0
Check: Rd files
Result: NOTE
checkRd: (-1) R.cache-package.Rd:28-30: Lost braces in \itemize; meant \describe ?
checkRd: (-1) R.cache-package.Rd:31-34: Lost braces in \itemize; meant \describe ?
Flavors: r-devel-linux-x86_64-debian-clang, r-devel-linux-x86_64-debian-gcc, r-devel-linux-x86_64-fedora-clang, r-devel-linux-x86_64-fedora-gcc, r-devel-windows-x86_64, r-patched-linux-x86_64, r-release-linux-x86_64, r-release-macos-arm64, r-release-macos-x86_64, r-release-windows-x86_64