Last updated on 2022-07-06 01:50:31 CEST.
Flavor | Version | Tinstall | Tcheck | Ttotal | Status | Flags |
---|---|---|---|---|---|---|
r-devel-linux-x86_64-debian-clang | 2.14.0 | 8.67 | 121.36 | 130.03 | OK | |
r-devel-linux-x86_64-debian-gcc | 2.14.0 | 6.87 | 92.73 | 99.60 | OK | |
r-devel-linux-x86_64-fedora-clang | 2.14.0 | 174.97 | NOTE | |||
r-devel-linux-x86_64-fedora-gcc | 2.14.0 | 157.86 | NOTE | |||
r-devel-windows-x86_64 | 2.14.0 | 144.00 | 1384.00 | 1528.00 | OK | |
r-patched-linux-x86_64 | 2.14.0 | 11.31 | 112.80 | 124.11 | OK | |
r-release-linux-x86_64 | 2.14.0 | 8.14 | 113.28 | 121.42 | OK | |
r-release-macos-arm64 | 2.14.0 | 48.00 | OK | |||
r-release-macos-x86_64 | 2.14.0 | 66.00 | OK | |||
r-release-windows-x86_64 | 2.14.0 | 175.00 | 1728.00 | 1903.00 | OK | |
r-oldrel-macos-arm64 | 2.14.0 | 56.00 | OK | |||
r-oldrel-macos-x86_64 | 2.14.0 | 50.00 | ERROR | |||
r-oldrel-windows-ix86+x86_64 | 2.14.0 | 17.00 | 176.00 | 193.00 | OK |
Version: 2.14.0
Check: package dependencies
Result: NOTE
Suggests orphaned package: ‘gtools’
Flavors: r-devel-linux-x86_64-fedora-clang, r-devel-linux-x86_64-fedora-gcc
Version: 2.14.0
Check: tests
Result: ERROR
Running ‘ChecksumFile.R’ [2s/2s]
Running ‘GenericDataFile.R’ [2s/4s]
Running the tests in ‘tests/GenericDataFile.R’ failed.
Last 13 lines of output:
+ stopifnot(!isFile(dfLC))
+ stopifnot(isFile(dfL))
+ stopifnot(isFile(df))
+
+ # Cleanup
+ file.remove(getPathname(dfL))
+ } # if (.Platform$OS.type == "windows")
GenericDataFile:
Name: 1.2(a)
Tags:
Full name: 1.2(a)
Pathname: /Volumes/Temp/tmp/RtmpzELhou/1.2(a).txt
File size: 153 B (153 bytes)
Error: getChecksum(dfLC) == getChecksum(df) is not TRUE
Execution halted
Flavor: r-oldrel-macos-x86_64