Last updated on 2024-05-02 01:57:10 CEST.
Flavor | Version | Tinstall | Tcheck | Ttotal | Status | Flags |
---|---|---|---|---|---|---|
r-devel-linux-x86_64-debian-clang | 0.9-9 | 25.25 | 28.88 | 54.13 | OK | |
r-devel-linux-x86_64-debian-gcc | 0.9-9 | 21.17 | 22.51 | 43.68 | OK | |
r-devel-linux-x86_64-fedora-clang | 0.9-9 | 68.82 | OK | |||
r-devel-linux-x86_64-fedora-gcc | 0.9-9 | 75.06 | OK | |||
r-devel-windows-x86_64 | 0.9-9 | 43.00 | 60.00 | 103.00 | OK | |
r-patched-linux-x86_64 | 0.9-9 | 24.22 | 27.68 | 51.90 | OK | |
r-release-linux-x86_64 | 0.9-9 | 25.85 | 28.06 | 53.91 | OK | |
r-release-macos-arm64 | 0.9-9 | 32.00 | NOTE | |||
r-release-macos-x86_64 | 0.9-9 | 54.00 | NOTE | |||
r-release-windows-x86_64 | 0.9-9 | 44.00 | 63.00 | 107.00 | OK | |
r-oldrel-macos-arm64 | 0.9-9 | 36.00 | NOTE | |||
r-oldrel-macos-x86_64 | 0.9-9 | 56.00 | NOTE | |||
r-oldrel-windows-x86_64 | 0.9-9 | 46.00 | 67.00 | 113.00 | OK |
Version: 0.9-9
Check: installed package size
Result: NOTE
installed size is 19.3Mb
sub-directories of 1Mb or more:
libs 19.2Mb
Flavors: r-release-macos-arm64, r-release-macos-x86_64, r-oldrel-macos-arm64, r-oldrel-macos-x86_64