CRAN Package Check Results for Package R62S3

Last updated on 2023-05-31 01:57:23 CEST.

Flavor Version Tinstall Tcheck Ttotal Status Flags
r-devel-linux-x86_64-debian-clang 1.4.1 2.08 24.24 26.32 NOTE
r-devel-linux-x86_64-debian-gcc 1.4.1 1.61 19.08 20.69 NOTE
r-devel-linux-x86_64-fedora-clang 1.4.1 33.28 NOTE
r-devel-linux-x86_64-fedora-gcc 1.4.1 34.19 NOTE
r-devel-windows-x86_64 1.4.1 5.00 41.00 46.00 NOTE
r-patched-linux-x86_64 1.4.1 2.31 23.17 25.48 NOTE
r-release-linux-x86_64 1.4.1 1.75 23.11 24.86 NOTE
r-release-macos-arm64 1.4.1 19.00 NOTE
r-release-macos-x86_64 1.4.1 20.00 NOTE
r-release-windows-x86_64 1.4.1 3.00 41.00 44.00 NOTE
r-oldrel-macos-arm64 1.4.1 18.00 NOTE
r-oldrel-macos-x86_64 1.4.1 22.00 NOTE
r-oldrel-windows-x86_64 1.4.1 4.00 44.00 48.00 NOTE

Check Details

Version: 1.4.1
Check: LazyData
Result: NOTE
     'LazyData' is specified without a 'data' directory
Flavors: r-devel-linux-x86_64-debian-clang, r-devel-linux-x86_64-debian-gcc, r-devel-linux-x86_64-fedora-clang, r-devel-linux-x86_64-fedora-gcc, r-devel-windows-x86_64, r-patched-linux-x86_64, r-release-linux-x86_64, r-release-macos-arm64, r-release-macos-x86_64, r-release-windows-x86_64, r-oldrel-macos-arm64, r-oldrel-macos-x86_64, r-oldrel-windows-x86_64