Last updated on 2024-04-27 01:52:24 CEST.
Flavor | Version | Tinstall | Tcheck | Ttotal | Status | Flags |
---|---|---|---|---|---|---|
r-devel-linux-x86_64-debian-clang | 1.2.0 | 7.28 | 31.92 | 39.20 | NOTE | |
r-devel-linux-x86_64-debian-gcc | 1.2.0 | 6.83 | 24.54 | 31.37 | NOTE | |
r-devel-linux-x86_64-fedora-clang | 1.2.0 | 53.36 | NOTE | |||
r-devel-linux-x86_64-fedora-gcc | 1.2.0 | 61.59 | NOTE | |||
r-devel-windows-x86_64 | 1.2.0 | 8.00 | 54.00 | 62.00 | NOTE | |
r-patched-linux-x86_64 | 1.2.0 | 8.84 | 31.06 | 39.90 | NOTE | |
r-release-linux-x86_64 | 1.2.0 | 8.41 | 29.79 | 38.20 | NOTE | |
r-release-macos-arm64 | 1.2.0 | 26.00 | NOTE | |||
r-release-windows-x86_64 | 1.2.0 | 7.00 | 52.00 | 59.00 | NOTE | |
r-oldrel-macos-arm64 | 1.2.0 | 27.00 | NOTE | |||
r-oldrel-macos-x86_64 | 1.2.0 | 40.00 | NOTE | |||
r-oldrel-windows-x86_64 | 1.2.0 | 7.00 | 51.00 | 58.00 | NOTE |
Version: 1.2.0
Check: LazyData
Result: NOTE
'LazyData' is specified without a 'data' directory
Flavors: r-devel-linux-x86_64-debian-clang, r-devel-linux-x86_64-debian-gcc, r-devel-linux-x86_64-fedora-clang, r-devel-linux-x86_64-fedora-gcc, r-devel-windows-x86_64, r-patched-linux-x86_64, r-release-linux-x86_64, r-release-macos-arm64, r-release-windows-x86_64, r-oldrel-macos-arm64, r-oldrel-macos-x86_64, r-oldrel-windows-x86_64