CRAN Package Check Results for Package RADstackshelpR

Last updated on 2022-07-02 01:49:04 CEST.

Flavor Version Tinstall Tcheck Ttotal Status Flags
r-devel-linux-x86_64-debian-clang 0.1.0 2.47 42.88 45.35 OK
r-devel-linux-x86_64-debian-gcc 0.1.0 1.91 32.43 34.34 OK
r-devel-linux-x86_64-fedora-clang 0.1.0 64.58 NOTE
r-devel-linux-x86_64-fedora-gcc 0.1.0 66.81 NOTE
r-devel-windows-x86_64 0.1.0 29.00 73.00 102.00 OK
r-patched-linux-x86_64 0.1.0 2.20 40.56 42.76 OK
r-release-linux-x86_64 0.1.0 2.40 40.36 42.76 OK
r-release-macos-arm64 0.1.0 22.00 NOTE
r-release-macos-x86_64 0.1.0 45.00 NOTE
r-release-windows-x86_64 0.1.0 44.00 73.00 117.00 OK
r-oldrel-macos-arm64 0.1.0 24.00 NOTE
r-oldrel-macos-x86_64 0.1.0 40.00 NOTE
r-oldrel-windows-ix86+x86_64 0.1.0 7.00 67.00 74.00 OK

Check Details

Version: 0.1.0
Check: dependencies in R code
Result: NOTE
    Namespace in Imports field not imported from: ‘gridExtra’
     All declared Imports should be used.
Flavors: r-devel-linux-x86_64-fedora-clang, r-devel-linux-x86_64-fedora-gcc, r-release-macos-arm64, r-release-macos-x86_64, r-oldrel-macos-arm64, r-oldrel-macos-x86_64