Last updated on 2024-08-16 01:48:27 CEST.
Flavor | Version | Tinstall | Tcheck | Ttotal | Status | Flags |
---|---|---|---|---|---|---|
r-devel-linux-x86_64-debian-clang | 0.1.35 | 82.84 | 178.69 | 261.53 | OK | |
r-devel-linux-x86_64-debian-gcc | 0.1.35 | 67.42 | 123.42 | 190.84 | OK | |
r-devel-linux-x86_64-fedora-clang | 0.1.35 | 418.34 | OK | |||
r-devel-linux-x86_64-fedora-gcc | 0.1.35 | 467.02 | OK | |||
r-devel-windows-x86_64 | 0.1.35 | 80.00 | 197.00 | 277.00 | OK | |
r-patched-linux-x86_64 | 0.1.35 | 94.95 | 171.71 | 266.66 | OK | |
r-release-linux-x86_64 | 0.1.35 | 94.39 | 174.43 | 268.82 | OK | |
r-release-macos-arm64 | 0.1.35 | 110.00 | NOTE | |||
r-release-macos-x86_64 | 0.1.35 | 175.00 | NOTE | |||
r-release-windows-x86_64 | 0.1.35 | 81.00 | 196.00 | 277.00 | OK | |
r-oldrel-macos-arm64 | 0.1.35 | 112.00 | NOTE | |||
r-oldrel-macos-x86_64 | 0.1.35 | 327.00 | NOTE | |||
r-oldrel-windows-x86_64 | 0.1.35 | 101.00 | 251.00 | 352.00 | OK |
Version: 0.1.35
Check: installed package size
Result: NOTE
installed size is 34.7Mb
sub-directories of 1Mb or more:
libs 33.2Mb
Flavors: r-release-macos-arm64, r-release-macos-x86_64, r-oldrel-macos-arm64, r-oldrel-macos-x86_64