CRAN Package Check Results for Package RAMClustR

Last updated on 2022-07-02 01:49:04 CEST.

Flavor Version Tinstall Tcheck Ttotal Status Flags
r-devel-linux-x86_64-debian-clang 1.2.4 19.66 168.83 188.49 OK
r-devel-linux-x86_64-debian-gcc 1.2.4 12.72 128.22 140.94 OK
r-devel-linux-x86_64-fedora-clang 1.2.4 237.09 WARN
r-devel-linux-x86_64-fedora-gcc 1.2.4 244.09 WARN
r-devel-windows-x86_64 1.2.4 50.00 194.00 244.00 OK
r-patched-linux-x86_64 1.2.4 15.11 158.58 173.69 OK
r-release-linux-x86_64 1.2.4 16.36 158.06 174.42 OK
r-release-macos-arm64 1.2.4 60.00 OK
r-release-macos-x86_64 1.2.4 88.00 OK
r-release-windows-x86_64 1.2.4 58.00 196.00 254.00 OK
r-oldrel-macos-arm64 1.2.4 53.00 OK
r-oldrel-macos-x86_64 1.2.4 66.00 OK
r-oldrel-windows-ix86+x86_64 1.2.4 30.00 196.00 226.00 OK

Check Details

Version: 1.2.4
Check: package dependencies
Result: WARN
    Requires (indirectly) orphaned package: ‘gtools’
Flavors: r-devel-linux-x86_64-fedora-clang, r-devel-linux-x86_64-fedora-gcc