Last updated on 2024-08-16 01:48:27 CEST.
Flavor | Version | Tinstall | Tcheck | Ttotal | Status | Flags |
---|---|---|---|---|---|---|
r-devel-linux-x86_64-debian-clang | 0.2.3 | 42.24 | 338.27 | 380.51 | OK | |
r-devel-linux-x86_64-debian-gcc | 0.2.3 | 30.32 | 248.13 | 278.45 | OK | |
r-devel-linux-x86_64-fedora-clang | 0.2.3 | 610.80 | OK | |||
r-devel-linux-x86_64-fedora-gcc | 0.2.3 | 588.25 | OK | |||
r-devel-windows-x86_64 | 0.2.3 | 46.00 | 290.00 | 336.00 | OK | |
r-patched-linux-x86_64 | 0.2.3 | 44.00 | 312.34 | 356.34 | OK | |
r-release-linux-x86_64 | 0.2.3 | 38.87 | 318.65 | 357.52 | OK | |
r-release-macos-arm64 | 0.2.3 | 181.00 | NOTE | |||
r-release-macos-x86_64 | 0.2.3 | 414.00 | OK | |||
r-release-windows-x86_64 | 0.2.3 | 43.00 | 290.00 | 333.00 | OK | |
r-oldrel-macos-arm64 | 0.2.3 | 182.00 | NOTE | |||
r-oldrel-macos-x86_64 | 0.2.3 | 306.00 | NOTE | |||
r-oldrel-windows-x86_64 | 0.2.3 | 58.00 | 409.00 | 467.00 | OK |
Version: 0.2.3
Check: package dependencies
Result: NOTE
Package suggested but not available for checking: ‘hgu133plus2.db’
Flavor: r-release-macos-arm64
Version: 0.2.3
Check: package dependencies
Result: NOTE
Packages suggested but not available for checking:
'ROntoTools', 'hgu133plus2.db', 'oligo'
Flavors: r-oldrel-macos-arm64, r-oldrel-macos-x86_64