Last updated on 2022-05-27 02:50:24 CEST.
Flavor | Version | Tinstall | Tcheck | Ttotal | Status | Flags |
---|---|---|---|---|---|---|
r-devel-linux-x86_64-debian-clang | 0.6.3 | 98.34 | 79.31 | 177.65 | OK | |
r-devel-linux-x86_64-debian-gcc | 0.6.3 | 88.81 | 67.13 | 155.94 | OK | |
r-devel-linux-x86_64-fedora-clang | 0.6.3 | 277.20 | NOTE | |||
r-devel-linux-x86_64-fedora-gcc | 0.6.3 | 238.52 | OK | |||
r-devel-windows-x86_64 | 0.6.3 | 229.00 | 120.00 | 349.00 | OK | |
r-patched-linux-x86_64 | 0.6.3 | 93.07 | 75.37 | 168.44 | OK | |
r-release-linux-x86_64 | 0.6.3 | 91.17 | 74.51 | 165.68 | OK | |
r-release-macos-arm64 | 0.6.3 | 59.00 | NOTE | |||
r-release-macos-x86_64 | 0.6.3 | 106.00 | NOTE | |||
r-release-windows-x86_64 | 0.6.3 | 215.00 | 117.00 | 332.00 | OK | |
r-oldrel-macos-arm64 | 0.6.3 | 60.00 | NOTE | |||
r-oldrel-macos-x86_64 | 0.6.3 | 82.00 | NOTE | |||
r-oldrel-windows-ix86+x86_64 | 0.6.3 | 276.00 | 128.00 | 404.00 | OK |
Version: 0.6.3
Check: installed package size
Result: NOTE
installed size is 9.3Mb
sub-directories of 1Mb or more:
libs 9.0Mb
Flavors: r-devel-linux-x86_64-fedora-clang, r-release-macos-arm64, r-release-macos-x86_64, r-oldrel-macos-arm64, r-oldrel-macos-x86_64