CRAN Package Check Results for Package RDML

Last updated on 2021-02-28 01:49:05 CET.

Flavor Version Tinstall Tcheck Ttotal Status Flags
r-devel-linux-x86_64-debian-clang 1.0 32.64 60.30 92.94 NOTE
r-devel-linux-x86_64-debian-gcc 1.0 28.86 45.81 74.67 NOTE
r-devel-linux-x86_64-fedora-clang 1.0 134.44 NOTE
r-devel-linux-x86_64-fedora-gcc 1.0 117.50 NOTE
r-devel-windows-ix86+x86_64 1.0 41.00 61.00 102.00 OK
r-patched-linux-x86_64 1.0 32.62 57.62 90.24 NOTE
r-patched-solaris-x86 1.0 149.80 NOTE
r-release-linux-x86_64 1.0 29.84 56.67 86.51 NOTE
r-release-macos-x86_64 1.0 OK
r-release-windows-ix86+x86_64 1.0 55.00 81.00 136.00 OK
r-oldrel-macos-x86_64 1.0 OK
r-oldrel-windows-ix86+x86_64 1.0 39.00 80.00 119.00 OK

Check Details

Version: 1.0
Check: package dependencies
Result: NOTE
    Packages suggested but not available for checking: 'chipPCR', 'MBmca'
Flavors: r-devel-linux-x86_64-debian-clang, r-devel-linux-x86_64-debian-gcc, r-devel-linux-x86_64-fedora-clang, r-devel-linux-x86_64-fedora-gcc, r-patched-linux-x86_64, r-patched-solaris-x86, r-release-linux-x86_64