Last updated on 2024-08-16 01:48:27 CEST.
Flavor | Version | Tinstall | Tcheck | Ttotal | Status | Flags |
---|---|---|---|---|---|---|
r-devel-linux-x86_64-debian-clang | 1.1.0 | 5.54 | 72.02 | 77.56 | NOTE | |
r-devel-linux-x86_64-debian-gcc | 1.1.0 | 3.89 | 52.65 | 56.54 | NOTE | |
r-devel-linux-x86_64-fedora-clang | 1.1.0 | 119.47 | OK | |||
r-devel-linux-x86_64-fedora-gcc | 1.1.0 | 129.73 | OK | |||
r-devel-windows-x86_64 | 1.1.0 | 9.00 | 138.00 | 147.00 | NOTE | |
r-patched-linux-x86_64 | 1.1.0 | 12.70 | 66.65 | 79.35 | OK | |
r-release-linux-x86_64 | 1.1.0 | 5.59 | 68.33 | 73.92 | OK | |
r-release-macos-arm64 | 1.1.0 | 82.00 | OK | |||
r-release-macos-x86_64 | 1.1.0 | 97.00 | OK | |||
r-release-windows-x86_64 | 1.1.0 | 9.00 | 130.00 | 139.00 | OK | |
r-oldrel-macos-arm64 | 1.1.0 | 78.00 | OK | |||
r-oldrel-macos-x86_64 | 1.1.0 | 99.00 | OK | |||
r-oldrel-windows-x86_64 | 1.1.0 | 11.00 | 143.00 | 154.00 | OK |
Version: 1.1.0
Check: Rd cross-references
Result: NOTE
Found the following Rd file(s) with Rd \link{} targets missing package
anchors:
redcap_arm_export.Rd: tibble
Please provide package anchors for all Rd \link{} targets not in the
package itself and the base packages.
Flavors: r-devel-linux-x86_64-debian-clang, r-devel-linux-x86_64-debian-gcc, r-devel-windows-x86_64