Last updated on 2024-04-18 01:55:30 CEST.
Flavor | Version | Tinstall | Tcheck | Ttotal | Status | Flags |
---|---|---|---|---|---|---|
r-devel-linux-x86_64-debian-clang | 0.4.1 | 4.32 | 41.00 | 45.32 | NOTE | |
r-devel-linux-x86_64-debian-gcc | 0.4.1 | 3.38 | 30.83 | 34.21 | NOTE | |
r-devel-linux-x86_64-fedora-clang | 0.4.1 | 56.88 | NOTE | |||
r-devel-linux-x86_64-fedora-gcc | 0.4.1 | 53.26 | NOTE | |||
r-prerel-macos-arm64 | 0.4.1 | 19.00 | NOTE | |||
r-prerel-windows-x86_64 | 0.4.1 | 5.00 | 48.00 | 53.00 | NOTE | |
r-patched-linux-x86_64 | 0.4.1 | 4.42 | 39.98 | 44.40 | NOTE | |
r-release-linux-x86_64 | 0.4.1 | 2.58 | 39.58 | 42.16 | NOTE | |
r-release-macos-arm64 | 0.4.1 | 21.00 | NOTE | |||
r-release-macos-x86_64 | 0.4.1 | 32.00 | NOTE | |||
r-release-windows-x86_64 | 0.4.1 | 6.00 | 54.00 | 60.00 | NOTE | |
r-oldrel-macos-arm64 | 0.4.1 | 21.00 | NOTE | |||
r-oldrel-windows-x86_64 | 0.4.1 | 6.00 | 59.00 | 65.00 | NOTE |
Version: 0.4.1
Check: LazyData
Result: NOTE
'LazyData' is specified without a 'data' directory
Flavors: r-devel-linux-x86_64-debian-clang, r-devel-linux-x86_64-debian-gcc, r-devel-linux-x86_64-fedora-clang, r-devel-linux-x86_64-fedora-gcc, r-prerel-macos-arm64, r-prerel-windows-x86_64, r-patched-linux-x86_64, r-release-linux-x86_64, r-release-macos-arm64, r-release-macos-x86_64, r-release-windows-x86_64, r-oldrel-macos-arm64, r-oldrel-windows-x86_64