CRAN Package Check Results for Package RGCxGC

Last updated on 2020-03-28 11:48:30 CET.

Flavor Version Tinstall Tcheck Ttotal Status Flags
r-devel-linux-x86_64-debian-clang 1.1-1 OK
r-devel-linux-x86_64-debian-gcc 1.1-1 14.37 138.15 152.52 OK
r-devel-linux-x86_64-fedora-clang 1.1-1 242.94 NOTE
r-devel-linux-x86_64-fedora-gcc 1.1-1 234.01 OK
r-devel-windows-ix86+x86_64 1.1.0 31.00 182.00 213.00 NOTE
r-devel-windows-ix86+x86_64-gcc8 1.1-1 30.00 215.00 245.00 NOTE
r-patched-linux-x86_64 1.1-1 16.26 182.00 198.26 OK
r-patched-solaris-x86 1.1-1 380.50 NOTE
r-release-linux-x86_64 1.1-1 13.73 167.31 181.04 OK
r-release-windows-ix86+x86_64 1.1.0 40.00 259.00 299.00 NOTE
r-release-osx-x86_64 1.1-1 WARN
r-oldrel-windows-ix86+x86_64 1.1.0 6.00 7.00 13.00 ERROR
r-oldrel-osx-x86_64 1.1.0 WARN

Check Details

Version: 1.1-1
Check: installed package size
Result: NOTE
     installed size is 5.6Mb
     sub-directories of 1Mb or more:
     data 1.9Mb
     doc 1.4Mb
     extdata 1.9Mb
Flavors: r-devel-linux-x86_64-fedora-clang, r-devel-windows-ix86+x86_64-gcc8, r-patched-solaris-x86, r-release-osx-x86_64

Version: 1.1.0
Check: installed package size
Result: NOTE
     installed size is 5.6Mb
     sub-directories of 1Mb or more:
     data 1.9Mb
     doc 1.4Mb
     extdata 1.9Mb
Flavors: r-devel-windows-ix86+x86_64, r-release-windows-ix86+x86_64, r-oldrel-osx-x86_64

Version: 1.1-1
Check: whether package can be installed
Result: WARN
    Found the following significant warnings:
     Warning: package ‘mixOmics’ was built under R version 3.6.1
Flavor: r-release-osx-x86_64

Version: 1.1.0
Check: whether package can be installed
Result: ERROR
    Installation failed.
Flavor: r-oldrel-windows-ix86+x86_64

Version: 1.1.0
Check: whether package can be installed
Result: WARN
    Found the following significant warnings:
     Warning: 'rgl_init' failed, running with rgl.useNULL = TRUE
Flavor: r-oldrel-osx-x86_64

Version: 1.1.0
Check: dependencies in R code
Result: NOTE
    No protocol specified
Flavor: r-oldrel-osx-x86_64

Version: 1.1.0
Check: S3 generic/method consistency
Result: WARN
    No protocol specified
    See section ‘Generic functions and methods’ in the ‘Writing R
    Extensions’ manual.
Flavor: r-oldrel-osx-x86_64

Version: 1.1.0
Check: replacement functions
Result: WARN
    No protocol specified
    The argument of a replacement function which corresponds to the right
    hand side must be named ‘value’.
Flavor: r-oldrel-osx-x86_64

Version: 1.1.0
Check: foreign function calls
Result: NOTE
    No protocol specified
    See chapter ‘System and foreign language interfaces’ in the ‘Writing R
    Extensions’ manual.
Flavor: r-oldrel-osx-x86_64

Version: 1.1.0
Check: R code for possible problems
Result: NOTE
    No protocol specified
Flavor: r-oldrel-osx-x86_64

Version: 1.1.0
Check: for missing documentation entries
Result: WARN
    No protocol specified
    All user-level objects in a package should have documentation entries.
    See chapter ‘Writing R documentation files’ in the ‘Writing R
    Extensions’ manual.
Flavor: r-oldrel-osx-x86_64

Version: 1.1.0
Check: for code/documentation mismatches
Result: WARN
    No protocol specified
    No protocol specified
    No protocol specified
Flavor: r-oldrel-osx-x86_64

Version: 1.1.0
Check: Rd \usage sections
Result: NOTE
    No protocol specified
    The \usage entries for S3 methods should use the \method markup and not
    their full name.
    See chapter ‘Writing R documentation files’ in the ‘Writing R
    Extensions’ manual.
Flavor: r-oldrel-osx-x86_64

Version: 1.1.0
Check: data for non-ASCII characters
Result: NOTE
     No protocol specified
Flavor: r-oldrel-osx-x86_64