Last updated on 2025-04-30 01:50:34 CEST.
Flavor | Version | Tinstall | Tcheck | Ttotal | Status | Flags |
---|---|---|---|---|---|---|
r-devel-linux-x86_64-debian-clang | 3.0-2 | 11.04 | 75.27 | 86.31 | NOTE | |
r-devel-linux-x86_64-debian-gcc | 3.0-2 | 7.61 | 50.46 | 58.07 | NOTE | |
r-devel-linux-x86_64-fedora-clang | 3.0-2 | 126.28 | OK | |||
r-devel-linux-x86_64-fedora-gcc | 3.0-2 | 119.16 | OK | |||
r-devel-windows-x86_64 | 3.0-2 | 14.00 | 78.00 | 92.00 | OK | |
r-patched-linux-x86_64 | 3.0-2 | 11.51 | 69.00 | 80.51 | OK | |
r-release-linux-x86_64 | 3.0-2 | 11.04 | 69.93 | 80.97 | OK | |
r-release-macos-arm64 | 3.0-2 | 35.00 | OK | |||
r-release-macos-x86_64 | 3.0-2 | 67.00 | OK | |||
r-release-windows-x86_64 | 3.0-2 | 14.00 | 80.00 | 94.00 | OK | |
r-oldrel-macos-arm64 | 3.0-2 | 34.00 | OK | |||
r-oldrel-macos-x86_64 | 3.0-2 | 62.00 | OK | |||
r-oldrel-windows-x86_64 | 3.0-2 | 17.00 | 97.00 | 114.00 | OK |
Version: 3.0-2
Check: CRAN incoming feasibility
Result: NOTE
Maintainer: ‘Paul Murrell <paul@stat.auckland.ac.nz>’
No Authors@R field in DESCRIPTION.
Please add one, modifying
Authors@R: person(given = "Paul",
family = "Murrell",
role = c("aut", "cre"),
email = "paul@stat.auckland.ac.nz")
as necessary.
Flavors: r-devel-linux-x86_64-debian-clang, r-devel-linux-x86_64-debian-gcc