Last updated on 2022-07-03 01:49:03 CEST.
Flavor | Version | Tinstall | Tcheck | Ttotal | Status | Flags |
---|---|---|---|---|---|---|
r-devel-linux-x86_64-debian-clang | 3.0-2 | 14.13 | 98.14 | 112.27 | OK | |
r-devel-linux-x86_64-debian-gcc | 3.0-2 | 10.46 | 71.68 | 82.14 | OK | |
r-devel-linux-x86_64-fedora-clang | 3.0-2 | 140.61 | OK | |||
r-devel-linux-x86_64-fedora-gcc | 3.0-2 | 146.39 | OK | |||
r-devel-windows-x86_64 | 3.0-2 | 50.00 | 109.00 | 159.00 | OK | |
r-patched-linux-x86_64 | 3.0-2 | 13.91 | 90.95 | 104.86 | OK | |
r-release-linux-x86_64 | 3.0-2 | 13.50 | 91.94 | 105.44 | OK | |
r-release-macos-arm64 | 3.0-2 | 32.00 | OK | |||
r-release-macos-x86_64 | 3.0-2 | 66.00 | OK | |||
r-release-windows-x86_64 | 3.0-2 | 80.00 | 112.00 | 192.00 | OK | |
r-oldrel-macos-arm64 | 3.0-2 | 44.00 | NOTE | |||
r-oldrel-macos-x86_64 | 3.0-2 | 59.00 | OK | |||
r-oldrel-windows-ix86+x86_64 | 3.0-2 | 27.00 | 111.00 | 138.00 | OK |
Version: 3.0-2
Check: package dependencies
Result: NOTE
Packages suggested but not available for checking: 'showtext', 'sysfonts'
Flavor: r-oldrel-macos-arm64