Last updated on 2024-03-28 01:54:08 CET.
Flavor | Version | Tinstall | Tcheck | Ttotal | Status | Flags |
---|---|---|---|---|---|---|
r-devel-linux-x86_64-debian-clang | 0.1.2 | 9.46 | 84.86 | 94.32 | NOTE | |
r-devel-linux-x86_64-debian-gcc | 0.1.2 | 7.42 | 63.58 | 71.00 | NOTE | |
r-devel-linux-x86_64-fedora-clang | 0.1.2 | 124.02 | NOTE | |||
r-devel-linux-x86_64-fedora-gcc | 0.1.2 | 114.80 | NOTE | |||
r-devel-windows-x86_64 | 0.1.2 | 9.00 | 76.00 | 85.00 | NOTE | |
r-patched-linux-x86_64 | 0.1.2 | 11.45 | 81.21 | 92.66 | NOTE | |
r-release-linux-x86_64 | 0.1.2 | 6.61 | 82.68 | 89.29 | NOTE | |
r-release-macos-arm64 | 0.1.2 | 39.00 | NOTE | |||
r-release-macos-x86_64 | 0.1.2 | 61.00 | NOTE | |||
r-release-windows-x86_64 | 0.1.2 | 11.00 | 93.00 | 104.00 | NOTE | |
r-oldrel-macos-arm64 | 0.1.2 | 36.00 | NOTE | |||
r-oldrel-windows-x86_64 | 0.1.2 | 12.00 | 100.00 | 112.00 | NOTE |
Version: 0.1.2
Check: LazyData
Result: NOTE
'LazyData' is specified without a 'data' directory
Flavors: r-devel-linux-x86_64-debian-clang, r-devel-linux-x86_64-debian-gcc, r-devel-linux-x86_64-fedora-clang, r-devel-linux-x86_64-fedora-gcc, r-devel-windows-x86_64, r-patched-linux-x86_64, r-release-linux-x86_64, r-release-macos-arm64, r-release-macos-x86_64, r-release-windows-x86_64, r-oldrel-macos-arm64, r-oldrel-windows-x86_64