Last updated on 2024-04-18 01:55:31 CEST.
Flavor | Version | Tinstall | Tcheck | Ttotal | Status | Flags |
---|---|---|---|---|---|---|
r-devel-linux-x86_64-debian-clang | 0.3-3 | 15.50 | 182.94 | 198.44 | NOTE | |
r-devel-linux-x86_64-debian-gcc | 0.3-3 | 11.11 | 128.66 | 139.77 | NOTE | |
r-devel-linux-x86_64-fedora-clang | 0.3-3 | 237.58 | NOTE | |||
r-devel-linux-x86_64-fedora-gcc | 0.3-3 | 227.82 | NOTE | |||
r-prerel-macos-arm64 | 0.3-3 | 59.00 | NOTE | |||
r-prerel-windows-x86_64 | 0.3-3 | 13.00 | 133.00 | 146.00 | NOTE | |
r-patched-linux-x86_64 | 0.3-3 | 18.46 | 169.31 | 187.77 | NOTE | |
r-release-linux-x86_64 | 0.3-3 | 9.47 | 175.34 | 184.81 | OK | |
r-release-macos-arm64 | 0.3-3 | 51.00 | OK | |||
r-release-macos-x86_64 | 0.3-3 | 103.00 | OK | |||
r-release-windows-x86_64 | 0.3-3 | 18.00 | 175.00 | 193.00 | OK | |
r-oldrel-macos-arm64 | 0.3-3 | 56.00 | OK | |||
r-oldrel-windows-x86_64 | 0.3-3 | 19.00 | 172.00 | 191.00 | OK |
Version: 0.3-3
Check: Rd files
Result: NOTE
checkRd: (-1) CovsAlignedToADesign-class.Rd:22: Lost braces; missing escapes or markup?
22 | specified stratum weight to the product of h_b (the harmonic mean of n_{tb} and
| ^
checkRd: (-1) CovsAlignedToADesign-class.Rd:23: Lost braces; missing escapes or markup?
23 | n_{cb}, the counts of treatment and control clusters in stratum b) with bar-w_b,
| ^
checkRd: (-1) DesignWeights.Rd:39: Lost braces; missing escapes or markup?
39 | mean of n_{tb} and n_{cb}, the number of treatment and control
| ^
checkRd: (-1) DesignWeights.Rd:39: Lost braces; missing escapes or markup?
39 | mean of n_{tb} and n_{cb}, the number of treatment and control
| ^
Flavors: r-devel-linux-x86_64-debian-clang, r-devel-linux-x86_64-debian-gcc, r-devel-linux-x86_64-fedora-clang, r-devel-linux-x86_64-fedora-gcc, r-prerel-macos-arm64, r-prerel-windows-x86_64, r-patched-linux-x86_64