Last updated on 2024-03-28 01:54:09 CET.
Flavor | Version | Tinstall | Tcheck | Ttotal | Status | Flags |
---|---|---|---|---|---|---|
r-devel-linux-x86_64-debian-clang | 1.3.4 | 105.82 | 446.76 | 552.58 | OK | |
r-devel-linux-x86_64-debian-gcc | 1.3.4 | 87.68 | 327.84 | 415.52 | OK | |
r-devel-linux-x86_64-fedora-clang | 1.3.4 | 686.01 | NOTE | |||
r-devel-linux-x86_64-fedora-gcc | 1.3.4 | 673.58 | NOTE | |||
r-devel-windows-x86_64 | 1.3.4 | 128.00 | 513.00 | 641.00 | NOTE | |
r-patched-linux-x86_64 | 1.3.4 | 102.44 | 449.47 | 551.91 | OK | |
r-release-linux-x86_64 | 1.3.4 | 95.54 | 433.99 | 529.53 | OK | |
r-release-macos-arm64 | 1.3.4 | 330.00 | NOTE | |||
r-release-macos-x86_64 | 1.3.4 | 462.00 | NOTE | |||
r-release-windows-x86_64 | 1.3.4 | 134.00 | 481.00 | 615.00 | NOTE | |
r-oldrel-macos-arm64 | 1.3.4 | 285.00 | NOTE | |||
r-oldrel-windows-x86_64 | 1.3.4 | 142.00 | 494.00 | 636.00 | NOTE |
Version: 1.3.4
Check: installed package size
Result: NOTE
installed size is 28.3Mb
sub-directories of 1Mb or more:
R 4.0Mb
exe 23.8Mb
Flavors: r-devel-linux-x86_64-fedora-clang, r-devel-windows-x86_64, r-release-macos-arm64, r-release-macos-x86_64, r-release-windows-x86_64, r-oldrel-macos-arm64, r-oldrel-windows-x86_64
Version: 1.3.4
Check: dependencies in R code
Result: NOTE
Namespaces in Imports field not imported from:
‘Matrix’ ‘arules’ ‘pmml’ ‘rJava’
All declared Imports should be used.
Flavors: r-devel-linux-x86_64-fedora-clang, r-devel-linux-x86_64-fedora-gcc