Last updated on 2024-08-16 01:48:28 CEST.
Flavor | Version | Tinstall | Tcheck | Ttotal | Status | Flags |
---|---|---|---|---|---|---|
r-devel-linux-x86_64-debian-clang | 1.1 | 230.11 | 27.82 | 257.93 | OK | |
r-devel-linux-x86_64-debian-gcc | 1.1 | 146.08 | 33.71 | 179.79 | OK | |
r-devel-linux-x86_64-fedora-clang | 1.1 | 360.82 | OK | |||
r-devel-linux-x86_64-fedora-gcc | 1.1 | 464.51 | OK | |||
r-devel-windows-x86_64 | 1.1 | 171.00 | 87.00 | 258.00 | OK | |
r-patched-linux-x86_64 | 1.1 | 202.29 | 41.80 | 244.09 | OK | |
r-release-linux-x86_64 | 1.1 | 208.89 | 42.18 | 251.07 | OK | |
r-release-macos-arm64 | 1.1 | 78.00 | NOTE | |||
r-release-macos-x86_64 | 1.1 | 78.00 | NOTE | |||
r-release-windows-x86_64 | 1.1 | 176.00 | 86.00 | 262.00 | OK | |
r-oldrel-macos-arm64 | 1.1 | 99.00 | NOTE | |||
r-oldrel-macos-x86_64 | 1.1 | 154.00 | NOTE | |||
r-oldrel-windows-x86_64 | 1.1 | 209.00 | 100.00 | 309.00 | OK |
Version: 1.1
Check: installed package size
Result: NOTE
installed size is 27.8Mb
sub-directories of 1Mb or more:
libs 27.7Mb
Flavors: r-release-macos-arm64, r-release-macos-x86_64, r-oldrel-macos-arm64, r-oldrel-macos-x86_64