CRAN Package Check Results for Package RMaCzek

Last updated on 2020-02-18 23:48:45 CET.

Flavor Version Tinstall Tcheck Ttotal Status Flags
r-devel-linux-x86_64-debian-clang 1.3 5.59 47.79 53.38 OK
r-devel-linux-x86_64-debian-gcc 1.3 5.22 37.51 42.73 OK
r-devel-linux-x86_64-fedora-clang 1.3 65.38 OK
r-devel-linux-x86_64-fedora-gcc 1.3 63.02 OK
r-devel-windows-ix86+x86_64 1.3 16.00 65.00 81.00 OK
r-devel-windows-ix86+x86_64-gcc8 1.2.0 25.00 93.00 118.00 OK
r-patched-linux-x86_64 1.3 4.97 42.59 47.56 OK
r-patched-solaris-x86 1.3 85.50 OK
r-release-linux-x86_64 1.3 4.92 42.68 47.60 OK
r-release-windows-ix86+x86_64 1.3 11.00 58.00 69.00 OK
r-release-osx-x86_64 1.3 OK
r-oldrel-windows-ix86+x86_64 1.0.0 7.00 55.00 62.00 OK
r-oldrel-osx-x86_64 1.3 ERROR

Check Details

Version: 1.3
Check: whether package can be installed
Result: ERROR
    Installation failed.
Flavor: r-oldrel-osx-x86_64