Last updated on 2025-02-01 01:50:45 CET.
Flavor | Version | Tinstall | Tcheck | Ttotal | Status | Flags |
---|---|---|---|---|---|---|
r-devel-linux-x86_64-debian-clang | 1.1.0 | 6.23 | 71.63 | 77.86 | OK | |
r-devel-linux-x86_64-debian-gcc | 1.1.0 | 5.22 | 52.93 | 58.15 | OK | |
r-devel-linux-x86_64-fedora-clang | 1.1.0 | 136.18 | OK | |||
r-devel-linux-x86_64-fedora-gcc | 1.1.0 | 136.66 | OK | |||
r-devel-windows-x86_64 | 1.1.0 | 7.00 | 86.00 | 93.00 | OK | |
r-patched-linux-x86_64 | 1.1.0 | 6.64 | 67.11 | 73.75 | NOTE | |
r-release-linux-x86_64 | 1.1.0 | 5.78 | 67.09 | 72.87 | NOTE | |
r-release-macos-arm64 | 1.1.0 | 45.00 | NOTE | |||
r-release-macos-x86_64 | 1.1.0 | 66.00 | NOTE | |||
r-release-windows-x86_64 | 1.1.0 | 7.00 | 84.00 | 91.00 | NOTE | |
r-oldrel-macos-arm64 | 1.1.0 | 50.00 | NOTE | |||
r-oldrel-macos-x86_64 | 1.1.0 | 77.00 | NOTE | |||
r-oldrel-windows-x86_64 | 1.1.0 | 10.00 | 104.00 | 114.00 | NOTE |
Version: 1.1.0
Check: LazyData
Result: NOTE
'LazyData' is specified without a 'data' directory
Flavors: r-patched-linux-x86_64, r-release-linux-x86_64, r-release-macos-arm64, r-release-macos-x86_64, r-release-windows-x86_64, r-oldrel-macos-arm64, r-oldrel-macos-x86_64, r-oldrel-windows-x86_64