Last updated on 2024-04-23 01:57:13 CEST.
Flavor | Version | Tinstall | Tcheck | Ttotal | Status | Flags |
---|---|---|---|---|---|---|
r-devel-linux-x86_64-debian-clang | 2.8.1 | 619.42 | 54.81 | 674.23 | OK | |
r-devel-linux-x86_64-debian-gcc | 2.8.1 | 498.30 | 56.91 | 555.21 | OK | |
r-devel-linux-x86_64-fedora-clang | 2.8.1 | 954.94 | NOTE | |||
r-devel-linux-x86_64-fedora-gcc | 2.8.1 | 1043.28 | OK | |||
r-prerel-macos-arm64 | 2.8.1 | 158.00 | NOTE | |||
r-prerel-windows-x86_64 | 2.8.1 | 451.00 | 102.00 | 553.00 | NOTE | |
r-patched-linux-x86_64 | 2.8.1 | 594.93 | 72.27 | 667.20 | OK | |
r-release-linux-x86_64 | 2.8.1 | 602.04 | 70.50 | 672.54 | OK | |
r-release-macos-arm64 | 2.8.1 | 146.00 | NOTE | |||
r-release-macos-x86_64 | 2.8.1 | 201.00 | NOTE | |||
r-release-windows-x86_64 | 2.8.1 | 580.00 | 117.00 | 697.00 | NOTE | |
r-oldrel-macos-arm64 | 2.8.1 | 149.00 | NOTE | |||
r-oldrel-windows-x86_64 | 2.8.1 | 557.00 | 101.00 | 658.00 | NOTE |
Version: 2.8.1
Check: installed package size
Result: NOTE
installed size is 5.5Mb
sub-directories of 1Mb or more:
extdata 2.0Mb
libs 3.3Mb
Flavors: r-devel-linux-x86_64-fedora-clang, r-prerel-macos-arm64, r-prerel-windows-x86_64, r-release-macos-arm64, r-release-macos-x86_64, r-release-windows-x86_64, r-oldrel-macos-arm64, r-oldrel-windows-x86_64