Last updated on 2024-04-19 01:58:58 CEST.
Flavor | Version | Tinstall | Tcheck | Ttotal | Status | Flags |
---|---|---|---|---|---|---|
r-devel-linux-x86_64-debian-clang | 2.1.1 | 3.78 | 73.05 | 76.83 | NOTE | |
r-devel-linux-x86_64-debian-gcc | 2.1.1 | 2.77 | 56.95 | 59.72 | NOTE | |
r-devel-linux-x86_64-fedora-clang | 2.1.1 | 97.70 | NOTE | |||
r-devel-linux-x86_64-fedora-gcc | 2.1.1 | 103.24 | NOTE | |||
r-prerel-macos-arm64 | 2.1.1 | 37.00 | NOTE | |||
r-prerel-windows-x86_64 | 2.1.1 | 5.00 | 88.00 | 93.00 | NOTE | |
r-patched-linux-x86_64 | 2.1.1 | 4.88 | 73.34 | 78.22 | NOTE | |
r-release-linux-x86_64 | 2.1.1 | 3.78 | 70.52 | 74.30 | OK | |
r-release-macos-arm64 | 2.1.1 | 39.00 | OK | |||
r-release-macos-x86_64 | 2.1.1 | 63.00 | OK | |||
r-release-windows-x86_64 | 2.1.1 | 5.00 | 94.00 | 99.00 | OK | |
r-oldrel-macos-arm64 | 2.1.1 | 35.00 | OK | |||
r-oldrel-windows-x86_64 | 2.1.1 | 6.00 | 89.00 | 95.00 | OK |
Version: 2.1.1
Check: Rd \usage sections
Result: NOTE
Objects in \usage without \alias in Rd file 'gettptnfpfn-defunct.Rd':
‘gettptnfpfn’
Functions with \usage entries need to have the appropriate \alias
entries, and all their arguments documented.
The \usage entries must correspond to syntactically valid R code.
See chapter ‘Writing R documentation files’ in the ‘Writing R
Extensions’ manual.
Flavors: r-devel-linux-x86_64-debian-clang, r-devel-linux-x86_64-debian-gcc, r-devel-linux-x86_64-fedora-clang, r-devel-linux-x86_64-fedora-gcc, r-prerel-macos-arm64, r-prerel-windows-x86_64, r-patched-linux-x86_64