Last updated on 2025-04-30 02:50:50 CEST.
Flavor | Version | Tinstall | Tcheck | Ttotal | Status | Flags |
---|---|---|---|---|---|---|
r-devel-linux-x86_64-debian-clang | 1.0-9 | 16.48 | 159.06 | 175.54 | NOTE | |
r-devel-linux-x86_64-debian-gcc | 1.0-9 | 10.82 | 101.78 | 112.60 | OK | |
r-devel-linux-x86_64-fedora-clang | 1.0-9 | 282.68 | OK | |||
r-devel-linux-x86_64-fedora-gcc | 1.0-9 | 266.33 | OK | |||
r-devel-windows-x86_64 | 1.0-9 | 17.00 | 163.00 | 180.00 | OK | |
r-patched-linux-x86_64 | 1.0-9 | 20.76 | 156.39 | 177.15 | OK | |
r-release-linux-x86_64 | 1.0-9 | 17.97 | 156.91 | 174.88 | OK | |
r-release-macos-arm64 | 1.0-9 | 68.00 | OK | |||
r-release-macos-x86_64 | 1.0-9 | 158.00 | OK | |||
r-release-windows-x86_64 | 1.0-9 | 17.00 | 162.00 | 179.00 | OK | |
r-oldrel-macos-arm64 | 1.0-9 | 67.00 | OK | |||
r-oldrel-macos-x86_64 | 1.0-9 | 181.00 | OK | |||
r-oldrel-windows-x86_64 | 1.0-9 | 23.00 | 210.00 | 233.00 | OK |
Version: 1.0-9
Check: examples
Result: NOTE
Examples with CPU (user + system) or elapsed time > 5s
user system elapsed
compute.threshold.AROC 5.122 0.002 5.984
Flavor: r-devel-linux-x86_64-debian-clang