CRAN Package Check Results for Package ROMDB

Last updated on 2025-02-05 02:49:00 CET.

Flavor Version Tinstall Tcheck Ttotal Status Flags
r-devel-linux-x86_64-debian-clang 0.1.0 4.21 36.97 41.18 OK
r-devel-linux-x86_64-debian-gcc 0.1.0 3.80 27.82 31.62 OK
r-devel-linux-x86_64-fedora-clang 0.1.0 72.22 OK
r-devel-linux-x86_64-fedora-gcc 0.1.0 63.00 OK
r-devel-windows-x86_64 0.1.0 8.00 58.00 66.00 OK
r-patched-linux-x86_64 0.1.0 3.99 35.27 39.26 NOTE
r-release-linux-x86_64 0.1.0 4.99 34.73 39.72 NOTE
r-release-macos-arm64 0.1.0 23.00 NOTE
r-release-macos-x86_64 0.1.0 34.00 NOTE
r-release-windows-x86_64 0.1.0 6.00 55.00 61.00 NOTE
r-oldrel-macos-arm64 0.1.0 26.00 NOTE
r-oldrel-macos-x86_64 0.1.0 35.00 NOTE
r-oldrel-windows-x86_64 0.1.0 8.00 71.00 79.00 NOTE

Check Details

Version: 0.1.0
Check: LazyData
Result: NOTE 'LazyData' is specified without a 'data' directory Flavors: r-patched-linux-x86_64, r-release-linux-x86_64, r-release-macos-arm64, r-release-macos-x86_64, r-release-windows-x86_64, r-oldrel-macos-arm64, r-oldrel-macos-x86_64, r-oldrel-windows-x86_64