Last updated on 2024-04-24 01:52:24 CEST.
Flavor | Version | Tinstall | Tcheck | Ttotal | Status | Flags |
---|---|---|---|---|---|---|
r-devel-linux-x86_64-debian-clang | 1.0.10 | 16.39 | 143.45 | 159.84 | OK | |
r-devel-linux-x86_64-debian-gcc | 1.0.10 | 14.80 | 105.23 | 120.03 | OK | |
r-devel-linux-x86_64-fedora-clang | 1.0.10 | 199.24 | NOTE | |||
r-devel-linux-x86_64-fedora-gcc | 1.0.10 | 202.03 | NOTE | |||
r-prerel-macos-arm64 | 1.0.10 | 58.00 | OK | |||
r-prerel-windows-x86_64 | 1.0.10 | 18.00 | 127.00 | 145.00 | OK | |
r-patched-linux-x86_64 | 1.0.10 | 18.17 | 133.55 | 151.72 | OK | |
r-release-linux-x86_64 | 1.0.10 | 17.80 | 135.21 | 153.01 | OK | |
r-release-macos-arm64 | 1.0.10 | 73.00 | OK | |||
r-release-macos-x86_64 | 1.0.10 | 153.00 | OK | |||
r-release-windows-x86_64 | 1.0.10 | 24.00 | 152.00 | 176.00 | OK | |
r-oldrel-macos-arm64 | 1.0.10 | 63.00 | OK | |||
r-oldrel-windows-x86_64 | 1.0.10 | 24.00 | 151.00 | 175.00 | OK |
Version: 1.0.10
Check: dependencies in R code
Result: NOTE
Namespaces in Imports field not imported from:
‘SparseM’ ‘nlme’ ‘timeDate’
All declared Imports should be used.
Flavors: r-devel-linux-x86_64-fedora-clang, r-devel-linux-x86_64-fedora-gcc