Last updated on 2024-04-27 01:52:26 CEST.
Flavor | Version | Tinstall | Tcheck | Ttotal | Status | Flags |
---|---|---|---|---|---|---|
r-devel-linux-x86_64-debian-clang | 1.4.6 | 76.70 | 66.61 | 143.31 | NOTE | |
r-devel-linux-x86_64-debian-gcc | 1.4.6 | 56.32 | 49.89 | 106.21 | NOTE | |
r-devel-linux-x86_64-fedora-clang | 1.4.6 | 212.89 | NOTE | |||
r-devel-linux-x86_64-fedora-gcc | 1.4.6 | 198.88 | NOTE | |||
r-devel-windows-x86_64 | 1.4.6 | 145.00 | 332.00 | 477.00 | NOTE | |
r-patched-linux-x86_64 | 1.4.6 | 76.43 | 64.19 | 140.62 | OK | |
r-release-linux-x86_64 | 1.4.6 | 72.22 | 63.04 | 135.26 | OK | |
r-release-macos-arm64 | 1.4.6 | 63.00 | NOTE | |||
r-release-windows-x86_64 | 1.4.6 | 145.00 | 326.00 | 471.00 | NOTE | |
r-oldrel-macos-arm64 | 1.4.6 | 66.00 | NOTE | |||
r-oldrel-macos-x86_64 | 1.4.6 | 117.00 | NOTE | |||
r-oldrel-windows-x86_64 | 1.4.6 | 175.00 | 352.00 | 527.00 | NOTE |
Version: 1.4.6
Check: compiled code
Result: NOTE
File ‘RPostgres/libs/RPostgres.so’:
Found non-API calls to R: ‘SETLENGTH’, ‘SET_TRUELENGTH’
Compiled code should not call non-API entry points in R.
See ‘Writing portable packages’ in the ‘Writing R Extensions’ manual.
Flavors: r-devel-linux-x86_64-debian-clang, r-devel-linux-x86_64-debian-gcc, r-devel-linux-x86_64-fedora-clang, r-devel-linux-x86_64-fedora-gcc
Version: 1.4.6
Check: installed package size
Result: NOTE
installed size is 6.5Mb
sub-directories of 1Mb or more:
libs 6.0Mb
Flavors: r-devel-windows-x86_64, r-release-macos-arm64, r-release-windows-x86_64, r-oldrel-macos-arm64, r-oldrel-macos-x86_64, r-oldrel-windows-x86_64
Version: 1.4.6
Check: compiled code
Result: NOTE
File 'RPostgres/libs/x64/RPostgres.dll':
Found non-API calls to R: 'SETLENGTH', 'SET_TRUELENGTH'
Compiled code should not call non-API entry points in R.
See 'Writing portable packages' in the 'Writing R Extensions' manual.
Flavor: r-devel-windows-x86_64