CRAN Package Check Results for Package RPyGeo

Last updated on 2022-01-27 08:49:25 CET.

Flavor Version Tinstall Tcheck Ttotal Status Flags
r-devel-linux-x86_64-debian-clang 1.0.0 2.40 48.80 51.20 NOTE
r-devel-linux-x86_64-debian-gcc 1.0.0 2.18 37.41 39.59 NOTE
r-devel-linux-x86_64-fedora-clang 1.0.0 65.05 NOTE
r-devel-linux-x86_64-fedora-gcc 1.0.0 53.08 NOTE
r-devel-windows-x86_64-new-UL 1.0.0 36.00 72.00 108.00 NOTE
r-devel-windows-x86_64-new-TK 1.0.0 NOTE
r-patched-linux-x86_64 1.0.0 2.70 45.38 48.08 NOTE
r-release-linux-x86_64 1.0.0 2.37 45.14 47.51 NOTE
r-release-macos-arm64 1.0.0 NOTE
r-release-macos-x86_64 1.0.0 NOTE
r-release-windows-ix86+x86_64 1.0.0 10.00 56.00 66.00 NOTE
r-oldrel-macos-x86_64 1.0.0 OK
r-oldrel-windows-ix86+x86_64 1.0.0 11.00 59.00 70.00 OK

Check Details

Version: 1.0.0
Check: LazyData
Result: NOTE
     'LazyData' is specified without a 'data' directory
Flavors: r-devel-linux-x86_64-debian-clang, r-devel-linux-x86_64-debian-gcc, r-devel-linux-x86_64-fedora-clang, r-devel-linux-x86_64-fedora-gcc, r-devel-windows-x86_64-new-UL, r-devel-windows-x86_64-new-TK, r-patched-linux-x86_64, r-release-linux-x86_64, r-release-macos-arm64, r-release-macos-x86_64, r-release-windows-ix86+x86_64