Last updated on 2024-05-02 01:57:13 CEST.
Flavor | Version | Tinstall | Tcheck | Ttotal | Status | Flags |
---|---|---|---|---|---|---|
r-devel-linux-x86_64-debian-clang | 0.4 | 40.64 | 295.72 | 336.36 | OK | |
r-devel-linux-x86_64-debian-gcc | 0.4 | 32.10 | 220.92 | 253.02 | OK | |
r-devel-linux-x86_64-fedora-clang | 0.4 | 426.75 | NOTE | |||
r-devel-linux-x86_64-fedora-gcc | 0.4 | 417.59 | OK | |||
r-devel-windows-x86_64 | 0.4 | 32.00 | 196.00 | 228.00 | OK | |
r-patched-linux-x86_64 | 0.4 | 40.07 | 282.96 | 323.03 | OK | |
r-release-linux-x86_64 | 0.4 | 38.03 | 283.99 | 322.02 | OK | |
r-release-macos-arm64 | 0.4 | 113.00 | OK | |||
r-release-windows-x86_64 | 0.4 | 31.00 | 198.00 | 229.00 | OK | |
r-oldrel-macos-arm64 | 0.4 | 117.00 | OK | |||
r-oldrel-macos-x86_64 | 0.4 | 153.00 | OK | |||
r-oldrel-windows-x86_64 | 0.4 | 40.00 | 252.00 | 292.00 | OK |
Version: 0.4
Check: package dependencies
Result: NOTE
Imports includes 28 non-default packages.
Importing from so many packages makes the package vulnerable to any of
them becoming unavailable. Move as many as possible to Suggests and
use conditionally.
Flavor: r-devel-linux-x86_64-fedora-clang